Last updated on 2024-08-16 01:48:22 CEST.
Flavor | Version | Tinstall | Tcheck | Ttotal | Status | Flags |
---|---|---|---|---|---|---|
r-devel-linux-x86_64-debian-clang | 0.6.11 | 183.33 | 93.53 | 276.86 | OK | |
r-devel-linux-x86_64-debian-gcc | 0.6.11 | 153.42 | 84.58 | 238.00 | OK | |
r-devel-linux-x86_64-fedora-clang | 0.6.11 | 418.90 | OK | |||
r-devel-linux-x86_64-fedora-gcc | 0.6.11 | 552.07 | OK | |||
r-devel-windows-x86_64 | 0.6.11 | 162.00 | 143.00 | 305.00 | OK | |
r-patched-linux-x86_64 | 0.6.11 | 196.29 | 111.63 | 307.92 | OK | |
r-release-linux-x86_64 | 0.6.11 | 189.67 | 110.38 | 300.05 | OK | |
r-release-macos-arm64 | 0.6.11 | 114.00 | NOTE | |||
r-release-macos-x86_64 | 0.6.11 | 156.00 | NOTE | |||
r-release-windows-x86_64 | 0.6.11 | 166.00 | 147.00 | 313.00 | OK | |
r-oldrel-macos-arm64 | 0.6.11 | 114.00 | NOTE | |||
r-oldrel-macos-x86_64 | 0.6.11 | 182.00 | NOTE | |||
r-oldrel-windows-x86_64 | 0.6.11 | 214.00 | 167.00 | 381.00 | OK |
Version: 0.6.11
Check: installed package size
Result: NOTE
installed size is 108.9Mb
sub-directories of 1Mb or more:
doc 1.6Mb
libs 106.6Mb
Flavors: r-release-macos-arm64, r-release-macos-x86_64, r-oldrel-macos-arm64, r-oldrel-macos-x86_64