CRAN Package Check Results for Package macrocol

Last updated on 2025-10-22 01:51:29 CEST.

Flavor Version Tinstall Tcheck Ttotal Status Flags
r-devel-linux-x86_64-debian-clang 0.1.0 1.88 19.77 21.65 OK
r-devel-linux-x86_64-debian-gcc 0.1.0 1.59 16.16 17.75 OK
r-devel-linux-x86_64-fedora-clang 0.1.0 32.51 NOTE
r-devel-linux-x86_64-fedora-gcc 0.1.0 30.03 NOTE
r-devel-windows-x86_64 0.1.0 3.00 50.00 53.00 OK
r-patched-linux-x86_64 0.1.0 1.42 18.65 20.07 OK
r-release-linux-x86_64 0.1.0 1.68 18.70 20.38 OK
r-release-macos-arm64 0.1.0 2.00 15.00 17.00 OK
r-release-macos-x86_64 0.1.0 2.00 21.00 23.00 OK
r-release-windows-x86_64 0.1.0 5.00 40.00 45.00 OK
r-oldrel-macos-arm64 0.1.0 1.00 14.00 15.00 OK
r-oldrel-macos-x86_64 0.1.0 2.00 18.00 20.00 OK
r-oldrel-windows-x86_64 0.1.0 5.00 49.00 54.00 OK

Check Details

Version: 0.1.0
Check: dependencies in R code
Result: NOTE Namespace in Imports field not imported from: ‘R.utils’ All declared Imports should be used. Flavors: r-devel-linux-x86_64-fedora-clang, r-devel-linux-x86_64-fedora-gcc