Last updated on 2024-08-16 01:48:22 CEST.
Flavor | Version | Tinstall | Tcheck | Ttotal | Status | Flags |
---|---|---|---|---|---|---|
r-devel-linux-x86_64-debian-clang | 2.0 | 14.72 | 252.89 | 267.61 | OK | |
r-devel-linux-x86_64-debian-gcc | 2.0 | 12.52 | 181.98 | 194.50 | OK | |
r-devel-linux-x86_64-fedora-clang | 2.0 | 468.35 | NOTE | |||
r-devel-linux-x86_64-fedora-gcc | 2.0 | 469.10 | OK | |||
r-devel-windows-x86_64 | 2.0 | 17.00 | 273.00 | 290.00 | NOTE | |
r-patched-linux-x86_64 | 2.0 | 15.42 | 253.10 | 268.52 | OK | |
r-release-linux-x86_64 | 2.0 | 16.83 | 252.07 | 268.90 | OK | |
r-release-macos-arm64 | 2.0 | 110.00 | NOTE | |||
r-release-macos-x86_64 | 2.0 | 182.00 | NOTE | |||
r-release-windows-x86_64 | 2.0 | 18.00 | 279.00 | 297.00 | NOTE | |
r-oldrel-macos-arm64 | 2.0 | 144.00 | NOTE | |||
r-oldrel-macos-x86_64 | 2.0 | 264.00 | NOTE | |||
r-oldrel-windows-x86_64 | 2.0 | 23.00 | 319.00 | 342.00 | NOTE |
Version: 2.0
Check: installed package size
Result: NOTE
installed size is 7.4Mb
sub-directories of 1Mb or more:
doc 6.9Mb
Flavors: r-devel-linux-x86_64-fedora-clang, r-devel-windows-x86_64, r-release-macos-arm64, r-release-macos-x86_64, r-release-windows-x86_64, r-oldrel-macos-arm64, r-oldrel-macos-x86_64, r-oldrel-windows-x86_64