Last updated on 2024-08-16 01:48:22 CEST.
Flavor | Version | Tinstall | Tcheck | Ttotal | Status | Flags |
---|---|---|---|---|---|---|
r-devel-linux-x86_64-debian-clang | 1.0.2 | 19.67 | 160.11 | 179.78 | OK | |
r-devel-linux-x86_64-debian-gcc | 1.0.2 | 13.88 | 109.46 | 123.34 | OK | |
r-devel-linux-x86_64-fedora-clang | 1.0.2 | 292.50 | NOTE | |||
r-devel-linux-x86_64-fedora-gcc | 1.0.2 | 272.84 | NOTE | |||
r-devel-windows-x86_64 | 1.0.2 | 19.00 | 173.00 | 192.00 | OK | |
r-patched-linux-x86_64 | 1.0.2 | 21.03 | 155.40 | 176.43 | OK | |
r-release-linux-x86_64 | 1.0.2 | 18.08 | 155.00 | 173.08 | OK | |
r-release-macos-arm64 | 1.0.2 | 73.00 | OK | |||
r-release-macos-x86_64 | 1.0.2 | 210.00 | OK | |||
r-release-windows-x86_64 | 1.0.2 | 19.00 | 180.00 | 199.00 | OK | |
r-oldrel-macos-arm64 | 1.0.2 | 83.00 | OK | |||
r-oldrel-macos-x86_64 | 1.0.2 | 176.00 | OK | |||
r-oldrel-windows-x86_64 | 1.0.2 | 28.00 | 215.00 | 243.00 | OK |
Version: 1.0.2
Check: data for non-ASCII characters
Result: NOTE
Note: found 7 marked UTF-8 strings
Flavors: r-devel-linux-x86_64-fedora-clang, r-devel-linux-x86_64-fedora-gcc