Last updated on 2024-08-16 01:48:22 CEST.
Flavor | Version | Tinstall | Tcheck | Ttotal | Status | Flags |
---|---|---|---|---|---|---|
r-devel-linux-x86_64-debian-clang | 0.1.1 | 46.57 | 71.40 | 117.97 | NOTE | |
r-devel-linux-x86_64-debian-gcc | 0.1.1 | 38.22 | 62.83 | 101.05 | NOTE | |
r-devel-linux-x86_64-fedora-clang | 0.1.1 | 203.62 | NOTE | |||
r-devel-linux-x86_64-fedora-gcc | 0.1.1 | 228.91 | NOTE | |||
r-devel-windows-x86_64 | 0.1.1 | 50.00 | 119.00 | 169.00 | NOTE | |
r-patched-linux-x86_64 | 0.1.1 | 50.18 | 74.28 | 124.46 | NOTE | |
r-release-linux-x86_64 | 0.1.1 | 52.83 | 74.92 | 127.75 | NOTE | |
r-release-macos-arm64 | 0.1.1 | 66.00 | NOTE | |||
r-release-macos-x86_64 | 0.1.1 | 104.00 | NOTE | |||
r-release-windows-x86_64 | 0.1.1 | 51.00 | 115.00 | 166.00 | NOTE | |
r-oldrel-macos-arm64 | 0.1.1 | 72.00 | NOTE | |||
r-oldrel-macos-x86_64 | 0.1.1 | 123.00 | NOTE | |||
r-oldrel-windows-x86_64 | 0.1.1 | 60.00 | 137.00 | 197.00 | NOTE |
Version: 0.1.1
Check: C++ specification
Result: NOTE
Specified C++11: please drop specification unless essential
Flavors: r-devel-linux-x86_64-debian-clang, r-devel-linux-x86_64-debian-gcc, r-devel-linux-x86_64-fedora-clang, r-devel-linux-x86_64-fedora-gcc, r-devel-windows-x86_64, r-patched-linux-x86_64, r-release-linux-x86_64, r-release-macos-arm64, r-release-macos-x86_64, r-release-windows-x86_64, r-oldrel-macos-arm64, r-oldrel-macos-x86_64, r-oldrel-windows-x86_64
Version: 0.1.1
Check: installed package size
Result: NOTE
installed size is 5.1Mb
sub-directories of 1Mb or more:
examples 2.7Mb
libs 1.3Mb
Flavors: r-devel-windows-x86_64, r-release-macos-arm64, r-release-macos-x86_64, r-release-windows-x86_64, r-oldrel-macos-arm64, r-oldrel-macos-x86_64, r-oldrel-windows-x86_64