Last updated on 2024-08-16 01:48:22 CEST.
Flavor | Version | Tinstall | Tcheck | Ttotal | Status | Flags |
---|---|---|---|---|---|---|
r-devel-linux-x86_64-debian-clang | 2.0.8 | 4.70 | 123.59 | 128.29 | NOTE | |
r-devel-linux-x86_64-debian-gcc | 2.0.8 | 2.96 | 73.09 | 76.05 | NOTE | |
r-devel-linux-x86_64-fedora-clang | 2.0.8 | 226.06 | NOTE | |||
r-devel-linux-x86_64-fedora-gcc | 2.0.8 | 222.04 | NOTE | |||
r-devel-windows-x86_64 | 2.0.8 | 8.00 | 144.00 | 152.00 | NOTE | |
r-patched-linux-x86_64 | 2.0.8 | 4.52 | 118.83 | 123.35 | NOTE | |
r-release-linux-x86_64 | 2.0.8 | 4.22 | 120.52 | 124.74 | NOTE | |
r-release-macos-arm64 | 2.0.8 | 63.00 | NOTE | |||
r-release-macos-x86_64 | 2.0.8 | 100.00 | NOTE | |||
r-release-windows-x86_64 | 2.0.8 | 8.00 | 142.00 | 150.00 | NOTE | |
r-oldrel-macos-arm64 | 2.0.8 | 66.00 | OK | |||
r-oldrel-macos-x86_64 | 2.0.8 | 116.00 | OK | |||
r-oldrel-windows-x86_64 | 2.0.8 | 9.00 | 195.00 | 204.00 | OK |
Version: 2.0.8
Check: Rd files
Result: NOTE
checkRd: (-1) marqLevAlg-package.Rd:14: Lost braces; missing escapes or markup?
14 | (GH^{-1}G).
| ^
Flavors: r-devel-linux-x86_64-debian-clang, r-devel-linux-x86_64-debian-gcc, r-devel-linux-x86_64-fedora-clang, r-devel-linux-x86_64-fedora-gcc, r-devel-windows-x86_64, r-patched-linux-x86_64, r-release-linux-x86_64, r-release-macos-arm64, r-release-macos-x86_64, r-release-windows-x86_64