CRAN Package Check Results for Package mcboost

Last updated on 2025-10-21 01:48:37 CEST.

Flavor Version Tinstall Tcheck Ttotal Status Flags
r-devel-linux-x86_64-debian-clang 0.4.4 14.93 124.46 139.39 OK
r-devel-linux-x86_64-debian-gcc 0.4.4 9.12 90.41 99.53 NOTE
r-devel-linux-x86_64-fedora-clang 0.4.4 214.66 OK
r-devel-linux-x86_64-fedora-gcc 0.4.4 211.03 OK
r-devel-windows-x86_64 0.4.4 15.00 121.00 136.00 OK
r-patched-linux-x86_64 0.4.4 13.26 116.37 129.63 OK
r-release-linux-x86_64 0.4.4 13.54 113.47 127.01 OK
r-release-macos-arm64 0.4.4 63.00 OK
r-release-macos-x86_64 0.4.4 121.00 OK
r-release-windows-x86_64 0.4.4 15.00 121.00 136.00 OK
r-oldrel-macos-arm64 0.4.4 65.00 OK
r-oldrel-macos-x86_64 0.4.4 125.00 OK
r-oldrel-windows-x86_64 0.4.4 21.00 154.00 175.00 OK

Check Details

Version: 0.4.4
Check: HTML version of manual
Result: NOTE Found the following HTML validation problems: AuditorFitter.html:187:1 (AuditorFitter.Rd:100): Warning: missing </ul> before </div> AuditorFitter.html:92:1 (AuditorFitter.Rd:41): Warning: <h5> anchor "Usage" already defined AuditorFitter.html:128:1 (AuditorFitter.Rd:65): Warning: <h5> anchor "Usage" already defined AuditorFitter.html:134:1 (AuditorFitter.Rd:69): Warning: <h5> anchor "Arguments" already defined AuditorFitter.html:164:1 (AuditorFitter.Rd:89): Warning: <h5> anchor "Usage" already defined AuditorFitter.html:170:1 (AuditorFitter.Rd:93): Warning: <h5> anchor "Arguments" already defined CVLearnerAuditorFitter.html:154:1 (CVLearnerAuditorFitter.Rd:105): Warning: <h5> anchor "Usage" already defined CVLearnerAuditorFitter.html:160:1 (CVLearnerAuditorFitter.Rd:109): Warning: <h5> anchor "Arguments" already defined CVLearnerAuditorFitter.html:190:1 (CVLearnerAuditorFitter.Rd:129): Warning: <h5> anchor "Usage" already defined CVLearnerAuditorFitter.html:196:1 (CVLearnerAuditorFitter.Rd:133): Warning: <h5> anchor "Arguments" already defined CVLearnerAuditorFitter.html:216:1 (CVLearnerAuditorFitter.Rd:145): Warning: <h3> anchor "Methods" already defined CVLearnerAuditorFitter.html:220:1 (CVLearnerAuditorFitter.Rd:146): Warning: <h4> anchor "Public-methods" already defined CVLearnerAuditorFitter.html:245:1 (CVLearnerAuditorFitter.Rd:163): Warning: <h4> anchor "Method-+E2+80+98new+28+29+E2+80+99" already defined CVLearnerAuditorFitter.html:253:1 (CVLearnerAuditorFitter.Rd:167): Warning: <h5> anchor "Usage" already defined CVLearnerAuditorFitter.html:263:1 (CVLearnerAuditorFitter.Rd:175): Warning: <h4> anchor "Method-+E2+80+98clone+28+29+E2+80+99" already defined CVLearnerAuditorFitter.html:269:1 (CVLearnerAuditorFitter.Rd:177): Warning: <h5> anchor "Usage" already defined CVLearnerAuditorFitter.html:275:1 (CVLearnerAuditorFitter.Rd:181): Warning: <h5> anchor "Arguments" already defined CVLearnerAuditorFitter.html:289:1 (CVLearnerAuditorFitter.Rd:190): Warning: <h3> anchor "Super-classes" already defined CVLearnerAuditorFitter.html:295:1 (CVLearnerAuditorFitter.Rd:193): Warning: <h3> anchor "Methods" already defined CVLearnerAuditorFitter.html:299:1 (CVLearnerAuditorFitter.Rd:194): Warning: <h4> anchor "Public-methods" already defined CVLearnerAuditorFitter.html:324:1 (CVLearnerAuditorFitter.Rd:211): Warning: <h4> anchor "Method-+E2+80+98new+28+29+E2+80+99" already defined CVLearnerAuditorFitter.html:332:1 (CVLearnerAuditorFitter.Rd:215): Warning: <h5> anchor "Usage" already defined CVLearnerAuditorFitter.html:342:1 (CVLearnerAuditorFitter.Rd:223): Warning: <h4> anchor "Method-+E2+80+98clone+28+29+E2+80+99" already defined CVLearnerAuditorFitter.html:348:1 (CVLearnerAuditorFitter.Rd:225): Warning: <h5> anchor "Usage" already defined CVLearnerAuditorFitter.html:354:1 (CVLearnerAuditorFitter.Rd:229): Warning: <h5> anchor "Arguments" already defined LearnerAuditorFitter.html:145:1 (LearnerAuditorFitter.Rd:96): Warning: <h5> anchor "Usage" already defined LearnerAuditorFitter.html:151:1 (LearnerAuditorFitter.Rd:100): Warning: <h5> anchor "Arguments" already defined LearnerAuditorFitter.html:181:1 (LearnerAuditorFitter.Rd:120): Warning: <h5> anchor "Usage" already defined LearnerAuditorFitter.html:187:1 (LearnerAuditorFitter.Rd:124): Warning: <h5> anchor "Arguments" already defined LearnerAuditorFitter.html:207:1 (LearnerAuditorFitter.Rd:136): Warning: <h3> anchor "Methods" already defined LearnerAuditorFitter.html:211:1 (LearnerAuditorFitter.Rd:137): Warning: <h4> anchor "Public-methods" already defined LearnerAuditorFitter.html:236:1 (LearnerAuditorFitter.Rd:154): Warning: <h4> anchor "Method-+E2+80+98new+28+29+E2+80+99" already defined LearnerAuditorFitter.html:242:1 (LearnerAuditorFitter.Rd:156): Warning: <h5> anchor "Usage" already defined LearnerAuditorFitter.html:252:1 (LearnerAuditorFitter.Rd:164): Warning: <h4> anchor "Method-+E2+80+98clone+28+29+E2+80+99" already defined LearnerAuditorFitter.html:258:1 (LearnerAuditorFitter.Rd:166): Warning: <h5> anchor "Usage" already defined LearnerAuditorFitter.html:264:1 (LearnerAuditorFitter.Rd:170): Warning: <h5> anchor "Arguments" already defined LearnerAuditorFitter.html:278:1 (LearnerAuditorFitter.Rd:179): Warning: <h3> anchor "Super-classes" already defined LearnerAuditorFitter.html:284:1 (LearnerAuditorFitter.Rd:182): Warning: <h3> anchor "Methods" already defined LearnerAuditorFitter.html:288:1 (LearnerAuditorFitter.Rd:183): Warning: <h4> anchor "Public-methods" already defined LearnerAuditorFitter.html:313:1 (LearnerAuditorFitter.Rd:200): Warning: <h4> anchor "Method-+E2+80+98new+28+29+E2+80+99" already defined LearnerAuditorFitter.html:319:1 (LearnerAuditorFitter.Rd:202): Warning: <h5> anchor "Usage" already defined LearnerAuditorFitter.html:329:1 (LearnerAuditorFitter.Rd:210): Warning: <h4> anchor "Method-+E2+80+98clone+28+29+E2+80+99" already defined LearnerAuditorFitter.html:335:1 (LearnerAuditorFitter.Rd:212): Warning: <h5> anchor "Usage" already defined LearnerAuditorFitter.html:341:1 (LearnerAuditorFitter.Rd:216): Warning: <h5> anchor "Arguments" already defined MCBoost.html:269:1 (MCBoost.Rd:218): Warning: <h5> anchor "Usage" already defined MCBoost.html:275:1 (MCBoost.Rd:222): Warning: <h5> anchor "Arguments" already defined MCBoost.html:318:1 (MCBoost.Rd:251): Warning: <h5> anchor "Usage" already defined MCBoost.html:324:1 (MCBoost.Rd:255): Warning: <h5> anchor "Arguments" already defined MCBoost.html:350:1 (MCBoost.Rd:275): Warning: <h5> anchor "Returns" already defined MCBoost.html:370:1 (MCBoost.Rd:287): Warning: <h5> anchor "Usage" already defined MCBoost.html:382:1 (MCBoost.Rd:297): Warning: <h5> anchor "Arguments" already defined MCBoost.html:408:1 (MCBoost.Rd:317): Warning: <h5> anchor "Returns" already defined MCBoost.html:426:1 (MCBoost.Rd:327): Warning: <h5> anchor "Usage" already defined MCBoost.html:432:1 (MCBoost.Rd:331): Warning: <h5> anchor "Arguments" already defined MCBoost.html:456:1 (MCBoost.Rd:345): Warning: <h5> anchor "Usage" already defined MCBoost.html:462:1 (MCBoost.Rd:349): Warning: <h5> anchor "Arguments" already defined SubgroupAuditorFitter.html:136:1 (SubgroupAuditorFitter.Rd:96): Warning: <h5> anchor "Usage" already defined SubgroupAuditorFitter.html:142:1 (SubgroupAuditorFitter.Rd:100): Warning: <h5> anchor "Arguments" already defined SubgroupAuditorFitter.html:172:1 (SubgroupAuditorFitter.Rd:120): Warning: <h5> anchor "Usage" already defined SubgroupAuditorFitter.html:178:1 (SubgroupAuditorFitter.Rd:124): Warning: <h5> anchor "Arguments" already defined SubpopAuditorFitter.html:137:1 (SubpopAuditorFitter.Rd:96): Warning: <h5> anchor "Usage" already defined SubpopAuditorFitter.html:143:1 (SubpopAuditorFitter.Rd:100): Warning: <h5> anchor "Arguments" already defined SubpopAuditorFitter.html:173:1 (SubpopAuditorFitter.Rd:120): Warning: <h5> anchor "Usage" already defined SubpopAuditorFitter.html:179:1 (SubpopAuditorFitter.Rd:124): Warning: <h5> anchor "Arguments" already defined mlr_pipeops_mcboost.html:180:1 (mlr_pipeops_mcboost.Rd:154): Warning: <h3> anchor "Methods" already defined mlr_pipeops_mcboost.html:254:1 (mlr_pipeops_mcboost.Rd:201): Warning: <h5> anchor "Usage" already defined mlr_pipeops_mcboost.html:260:1 (mlr_pipeops_mcboost.Rd:205): Warning: <h5> anchor "Arguments" already defined mlr_pipeops_mcboost.html:280:1 (mlr_pipeops_mcboost.Rd:217): Warning: <h3> anchor "Active-bindings" already defined mlr_pipeops_mcboost.html:292:1 (mlr_pipeops_mcboost.Rd:224): Warning: <h3> anchor "Methods" already defined mlr_pipeops_mcboost.html:296:1 (mlr_pipeops_mcboost.Rd:225): Warning: <h4> anchor "Public-methods" already defined mlr_pipeops_mcboost.html:323:1 (mlr_pipeops_mcboost.Rd:244): Warning: <h4> anchor "Method-+E2+80+98new+28+29+E2+80+99" already defined mlr_pipeops_mcboost.html:329:1 (mlr_pipeops_mcboost.Rd:246): Warning: <h5> anchor "Usage" already defined mlr_pipeops_mcboost.html:335:1 (mlr_pipeops_mcboost.Rd:250): Warning: <h5> anchor "Arguments" already defined mlr_pipeops_mcboost.html:356:1 (mlr_pipeops_mcboost.Rd:265): Warning: <h4> anchor "Method-+E2+80+98clone+28+29+E2+80+99" already defined mlr_pipeops_mcboost.html:362:1 (mlr_pipeops_mcboost.Rd:267): Warning: <h5> anchor "Usage" already defined mlr_pipeops_mcboost.html:368:1 (mlr_pipeops_mcboost.Rd:271): Warning: <h5> anchor "Arguments" already defined Flavor: r-devel-linux-x86_64-debian-gcc