Last updated on 2024-08-16 01:48:23 CEST.
Flavor | Version | Tinstall | Tcheck | Ttotal | Status | Flags |
---|---|---|---|---|---|---|
r-devel-linux-x86_64-debian-clang | 0.2.7 | 36.91 | 66.96 | 103.87 | NOTE | |
r-devel-linux-x86_64-debian-gcc | 0.2.7 | 25.69 | 47.49 | 73.18 | NOTE | |
r-devel-linux-x86_64-fedora-clang | 0.2.7 | 162.07 | NOTE | |||
r-devel-linux-x86_64-fedora-gcc | 0.2.7 | 158.66 | NOTE | |||
r-devel-windows-x86_64 | 0.2.7 | 41.00 | 87.00 | 128.00 | NOTE | |
r-patched-linux-x86_64 | 0.2.7 | 41.82 | 62.72 | 104.54 | NOTE | |
r-release-linux-x86_64 | 0.2.7 | 36.38 | 63.67 | 100.05 | NOTE | |
r-release-macos-arm64 | 0.2.7 | 59.00 | NOTE | |||
r-release-macos-x86_64 | 0.2.7 | 83.00 | NOTE | |||
r-release-windows-x86_64 | 0.2.7 | 39.00 | 88.00 | 127.00 | NOTE | |
r-oldrel-macos-arm64 | 0.2.7 | 61.00 | NOTE | |||
r-oldrel-macos-x86_64 | 0.2.7 | 97.00 | NOTE | |||
r-oldrel-windows-x86_64 | 0.2.7 | 50.00 | 101.00 | 151.00 | OK |
Version: 0.2.7
Check: Rd files
Result: NOTE
checkRd: (-1) Elections.Rd:8: Lost braces
8 | An object of class \\code{tbl_df} (inherits from \\code{tbl}, \\code{data.frame})
| ^
checkRd: (-1) Elections.Rd:8: Lost braces
8 | An object of class \\code{tbl_df} (inherits from \\code{tbl}, \\code{data.frame})
| ^
checkRd: (-1) Elections.Rd:8: Lost braces
8 | An object of class \\code{tbl_df} (inherits from \\code{tbl}, \\code{data.frame})
| ^
checkRd: (-1) Violations.Rd:39-45: Lost braces
39 | {
| ^
Flavors: r-devel-linux-x86_64-debian-clang, r-devel-linux-x86_64-debian-gcc, r-devel-linux-x86_64-fedora-clang, r-devel-linux-x86_64-fedora-gcc, r-devel-windows-x86_64, r-patched-linux-x86_64, r-release-linux-x86_64, r-release-macos-arm64, r-release-macos-x86_64, r-release-windows-x86_64
Version: 0.2.7
Check: Rd cross-references
Result: NOTE
Found the following Rd file(s) with Rd \link{} targets missing package
anchors:
MLB_teams.Rd: tbl_df
macros.Rd: x
Please provide package anchors for all Rd \link{} targets not in the
package itself and the base packages.
Flavors: r-devel-linux-x86_64-debian-clang, r-devel-linux-x86_64-debian-gcc, r-devel-windows-x86_64
Version: 0.2.7
Check: data for non-ASCII characters
Result: NOTE
Note: found 2866 marked UTF-8 strings
Flavors: r-devel-linux-x86_64-fedora-clang, r-devel-linux-x86_64-fedora-gcc
Version: 0.2.7
Check: installed package size
Result: NOTE
installed size is 5.4Mb
sub-directories of 1Mb or more:
data 5.1Mb
Flavors: r-release-macos-arm64, r-release-macos-x86_64, r-oldrel-macos-arm64, r-oldrel-macos-x86_64