Last updated on 2024-08-16 01:48:23 CEST.
Flavor | Version | Tinstall | Tcheck | Ttotal | Status | Flags |
---|---|---|---|---|---|---|
r-devel-linux-x86_64-debian-clang | 7.0-0 | 68.38 | 341.59 | 409.97 | OK | |
r-devel-linux-x86_64-debian-gcc | 7.0-0 | 37.73 | 215.87 | 253.60 | OK | |
r-devel-linux-x86_64-fedora-clang | 7.0-0 | 648.15 | NOTE | |||
r-devel-linux-x86_64-fedora-gcc | 7.0-0 | 622.17 | OK | |||
r-devel-windows-x86_64 | 7.0-0 | 63.00 | 325.00 | 388.00 | OK | |
r-patched-linux-x86_64 | 7.0-0 | 65.03 | 318.81 | 383.84 | OK | |
r-release-linux-x86_64 | 7.0-0 | 57.81 | 325.49 | 383.30 | OK | |
r-release-macos-arm64 | 7.0-0 | 154.00 | OK | |||
r-release-macos-x86_64 | 7.0-0 | 243.00 | OK | |||
r-release-windows-x86_64 | 7.0-0 | 63.00 | 331.00 | 394.00 | OK | |
r-oldrel-macos-arm64 | 7.0-0 | 154.00 | OK | |||
r-oldrel-macos-x86_64 | 7.0-0 | 355.00 | OK | |||
r-oldrel-windows-x86_64 | 7.0-0 | 81.00 | 426.00 | 507.00 | OK |
Version: 7.0-0
Check: Rd cross-references
Result: NOTE
Undeclared packages ‘netmeta’, ‘metasens’, ‘robumeta’ in Rd xrefs
Flavor: r-devel-linux-x86_64-fedora-clang