Last updated on 2024-08-16 01:48:23 CEST.
Flavor | Version | Tinstall | Tcheck | Ttotal | Status | Flags |
---|---|---|---|---|---|---|
r-devel-linux-x86_64-debian-clang | 0.1.2 | 11.76 | 84.43 | 96.19 | OK | |
r-devel-linux-x86_64-debian-gcc | 0.1.2 | 8.55 | 60.56 | 69.11 | OK | |
r-devel-linux-x86_64-fedora-clang | 0.1.2 | 158.62 | NOTE | |||
r-devel-linux-x86_64-fedora-gcc | 0.1.2 | 142.93 | NOTE | |||
r-devel-windows-x86_64 | 0.1.2 | 12.00 | 94.00 | 106.00 | OK | |
r-patched-linux-x86_64 | 0.1.2 | 10.80 | 80.80 | 91.60 | OK | |
r-release-linux-x86_64 | 0.1.2 | 11.14 | 80.10 | 91.24 | OK | |
r-release-macos-arm64 | 0.1.2 | 48.00 | OK | |||
r-release-macos-x86_64 | 0.1.2 | 64.00 | OK | |||
r-release-windows-x86_64 | 0.1.2 | 12.00 | 97.00 | 109.00 | OK | |
r-oldrel-macos-arm64 | 0.1.2 | 47.00 | OK | |||
r-oldrel-macos-x86_64 | 0.1.2 | 86.00 | OK | |||
r-oldrel-windows-x86_64 | 0.1.2 | 16.00 | 114.00 | 130.00 | OK |
Version: 0.1.2
Check: data for non-ASCII characters
Result: NOTE
Note: found 37 marked UTF-8 strings
Flavors: r-devel-linux-x86_64-fedora-clang, r-devel-linux-x86_64-fedora-gcc