Last updated on 2024-08-16 01:48:23 CEST.
Flavor | Version | Tinstall | Tcheck | Ttotal | Status | Flags |
---|---|---|---|---|---|---|
r-devel-linux-x86_64-debian-clang | 0.1.1 | 32.02 | 202.34 | 234.36 | NOTE | |
r-devel-linux-x86_64-debian-gcc | 0.1.1 | 23.77 | 127.59 | 151.36 | NOTE | |
r-devel-linux-x86_64-fedora-clang | 0.1.1 | 476.73 | NOTE | |||
r-devel-linux-x86_64-fedora-gcc | 0.1.1 | 413.49 | NOTE | |||
r-devel-windows-x86_64 | 0.1.1 | 39.00 | 258.00 | 297.00 | NOTE | |
r-patched-linux-x86_64 | 0.1.1 | 35.74 | 219.05 | 254.79 | NOTE | |
r-release-linux-x86_64 | 0.1.1 | 29.85 | 195.76 | 225.61 | NOTE | |
r-release-macos-arm64 | 0.1.1 | 98.00 | NOTE | |||
r-release-macos-x86_64 | 0.1.1 | 146.00 | NOTE | |||
r-release-windows-x86_64 | 0.1.1 | 38.00 | 228.00 | 266.00 | NOTE | |
r-oldrel-macos-arm64 | 0.1.1 | 107.00 | NOTE | |||
r-oldrel-macos-x86_64 | 0.1.1 | 167.00 | NOTE | |||
r-oldrel-windows-x86_64 | 0.1.1 | 45.00 | 388.00 | 433.00 | NOTE |
Version: 0.1.1
Check: C++ specification
Result: NOTE
Specified C++11: please drop specification unless essential
Flavors: r-devel-linux-x86_64-debian-clang, r-devel-linux-x86_64-debian-gcc, r-devel-linux-x86_64-fedora-clang, r-devel-linux-x86_64-fedora-gcc, r-devel-windows-x86_64, r-patched-linux-x86_64, r-release-linux-x86_64, r-release-macos-arm64, r-release-macos-x86_64, r-release-windows-x86_64, r-oldrel-macos-arm64, r-oldrel-macos-x86_64, r-oldrel-windows-x86_64
Version: 0.1.1
Check: installed package size
Result: NOTE
installed size is 5.9Mb
sub-directories of 1Mb or more:
doc 2.3Mb
help 2.0Mb
libs 1.2Mb
Flavors: r-devel-windows-x86_64, r-release-macos-arm64, r-release-macos-x86_64, r-release-windows-x86_64, r-oldrel-macos-arm64, r-oldrel-macos-x86_64, r-oldrel-windows-x86_64