Last updated on 2024-05-27 02:48:08 CEST.
Flavor | Version | Tinstall | Tcheck | Ttotal | Status | Flags |
---|---|---|---|---|---|---|
r-devel-linux-x86_64-debian-clang | 0.9.0 | 5.20 | 38.86 | 44.06 | NOTE | |
r-devel-linux-x86_64-debian-gcc | 0.9.0 | 2.63 | 29.13 | 31.76 | NOTE | |
r-devel-linux-x86_64-fedora-clang | 0.9.0 | 54.71 | NOTE | |||
r-devel-linux-x86_64-fedora-gcc | 0.9.0 | 51.58 | NOTE | |||
r-devel-windows-x86_64 | 0.9.0 | 6.00 | 54.00 | 60.00 | NOTE | |
r-patched-linux-x86_64 | 0.9.0 | 5.87 | 36.62 | 42.49 | NOTE | |
r-release-linux-x86_64 | 0.9.0 | 4.14 | 24.03 | 28.17 | OK | |
r-release-macos-arm64 | 0.9.0 | 14.00 | OK | |||
r-release-windows-x86_64 | 0.9.0 | 6.00 | 24.00 | 30.00 | OK | |
r-oldrel-macos-arm64 | 0.9.0 | 24.00 | OK | |||
r-oldrel-macos-x86_64 | 0.9.0 | 30.00 | OK | |||
r-oldrel-windows-x86_64 | 0.9.0 | 7.00 | 61.00 | 68.00 | OK |
Version: 0.9.0
Check: package dependencies
Result: NOTE
Vignette dependency required without any vignettes:: ‘knitr’
Flavors: r-devel-linux-x86_64-debian-clang, r-devel-linux-x86_64-debian-gcc, r-devel-linux-x86_64-fedora-clang, r-devel-linux-x86_64-fedora-gcc, r-devel-windows-x86_64, r-patched-linux-x86_64