Last updated on 2025-07-24 02:52:18 CEST.
Flavor | Version | Tinstall | Tcheck | Ttotal | Status | Flags |
---|---|---|---|---|---|---|
r-devel-linux-x86_64-debian-clang | 2.1 | 29.62 | 262.32 | 291.94 | NOTE | |
r-devel-linux-x86_64-debian-gcc | 2.1 | 23.36 | 179.63 | 202.99 | NOTE | |
r-devel-linux-x86_64-fedora-clang | 2.1 | 457.13 | OK | |||
r-devel-linux-x86_64-fedora-gcc | 2.1 | 442.58 | OK | |||
r-devel-windows-x86_64 | 2.1 | 26.00 | 226.00 | 252.00 | OK | |
r-patched-linux-x86_64 | 2.1 | 25.47 | 242.46 | 267.93 | OK | |
r-release-linux-x86_64 | 2.1 | 27.52 | 246.65 | 274.17 | OK | |
r-release-macos-arm64 | 2.1 | 123.00 | OK | |||
r-release-macos-x86_64 | 2.1 | 314.00 | OK | |||
r-release-windows-x86_64 | 2.1 | 26.00 | 240.00 | 266.00 | OK | |
r-oldrel-macos-arm64 | 2.1 | 113.00 | OK | |||
r-oldrel-macos-x86_64 | 2.1 | 176.00 | OK | |||
r-oldrel-windows-x86_64 | 2.1 | 28.00 | 289.00 | 317.00 | OK |
Version: 2.1
Check: CRAN incoming feasibility
Result: NOTE
Maintainer: ‘Stephan Artmann <stephanartmann@gmx.net>’
No Authors@R field in DESCRIPTION.
Please add one, modifying
Authors@R: c(person(given = "Stephan",
family = "Artmann",
role = c("aut", "cre"),
email = "stephanartmann@gmx.net"),
person(given = "Klaus",
family = "Jung",
role = "aut"),
person(given = "Tim",
family = "Beissbarth",
role = "aut"))
as necessary.
Flavors: r-devel-linux-x86_64-debian-clang, r-devel-linux-x86_64-debian-gcc