Last updated on 2024-08-16 01:48:23 CEST.
Flavor | Version | Tinstall | Tcheck | Ttotal | Status | Flags |
---|---|---|---|---|---|---|
r-devel-linux-x86_64-debian-clang | 2.0.4 | 5.03 | 40.55 | 45.58 | OK | |
r-devel-linux-x86_64-debian-gcc | 2.0.4 | 3.41 | 29.00 | 32.41 | OK | |
r-devel-linux-x86_64-fedora-clang | 2.0.4 | 73.14 | NOTE | |||
r-devel-linux-x86_64-fedora-gcc | 2.0.4 | 68.27 | NOTE | |||
r-devel-windows-x86_64 | 2.0.4 | 8.00 | 69.00 | 77.00 | OK | |
r-patched-linux-x86_64 | 2.0.4 | 5.87 | 38.60 | 44.47 | OK | |
r-release-linux-x86_64 | 2.0.4 | 4.33 | 39.17 | 43.50 | OK | |
r-release-macos-arm64 | 2.0.4 | 26.00 | OK | |||
r-release-macos-x86_64 | 2.0.4 | 35.00 | OK | |||
r-release-windows-x86_64 | 2.0.4 | 7.00 | 67.00 | 74.00 | OK | |
r-oldrel-macos-arm64 | 2.0.4 | 24.00 | OK | |||
r-oldrel-macos-x86_64 | 2.0.4 | 74.00 | OK | |||
r-oldrel-windows-x86_64 | 2.0.4 | 9.00 | 78.00 | 87.00 | OK |
Version: 2.0.4
Check: data for non-ASCII characters
Result: NOTE
Note: found 9 marked UTF-8 strings
Flavors: r-devel-linux-x86_64-fedora-clang, r-devel-linux-x86_64-fedora-gcc