Last updated on 2024-08-16 01:48:23 CEST.
Flavor | Version | Tinstall | Tcheck | Ttotal | Status | Flags |
---|---|---|---|---|---|---|
r-devel-linux-x86_64-debian-clang | 1.5.3 | 60.20 | 34.18 | 94.38 | NOTE | |
r-devel-linux-x86_64-debian-gcc | 1.5.3 | 41.17 | 25.42 | 66.59 | NOTE | |
r-devel-linux-x86_64-fedora-clang | 1.5.3 | 196.58 | NOTE | |||
r-devel-linux-x86_64-fedora-gcc | 1.5.3 | 184.80 | NOTE | |||
r-devel-windows-x86_64 | 1.5.3 | 69.00 | 72.00 | 141.00 | NOTE | |
r-patched-linux-x86_64 | 1.5.3 | 60.05 | 33.01 | 93.06 | NOTE | |
r-release-linux-x86_64 | 1.5.3 | 59.06 | 33.73 | 92.79 | NOTE | |
r-release-macos-arm64 | 1.5.3 | 44.00 | NOTE | |||
r-release-macos-x86_64 | 1.5.3 | 56.00 | NOTE | |||
r-release-windows-x86_64 | 1.5.3 | 68.00 | 70.00 | 138.00 | NOTE | |
r-oldrel-macos-arm64 | 1.5.3 | 59.00 | NOTE | |||
r-oldrel-macos-x86_64 | 1.5.3 | 99.00 | NOTE | |||
r-oldrel-windows-x86_64 | 1.5.3 | 78.00 | 88.00 | 166.00 | NOTE |
Version: 1.5.3
Check: C++ specification
Result: NOTE
Specified C++14: please drop specification unless essential
Flavors: r-devel-linux-x86_64-debian-clang, r-devel-linux-x86_64-debian-gcc, r-devel-linux-x86_64-fedora-clang, r-devel-linux-x86_64-fedora-gcc, r-devel-windows-x86_64, r-patched-linux-x86_64, r-release-linux-x86_64, r-release-macos-arm64, r-release-macos-x86_64, r-release-windows-x86_64, r-oldrel-macos-arm64, r-oldrel-macos-x86_64, r-oldrel-windows-x86_64
Version: 1.5.3
Check: Rd files
Result: NOTE
checkRd: (-1) discretizeMutual.Rd:58: Lost braces
58 | \item{two vectors containing the cutpoints for each variable : \emph{cutpoints1} corresponds to /emph{myDist1}, /emph{cutpoints2} corresponds to /emph{myDist2}.}
| ^
checkRd: (-1) discretizeMutual.Rd:58: Lost braces
58 | \item{two vectors containing the cutpoints for each variable : \emph{cutpoints1} corresponds to /emph{myDist1}, /emph{cutpoints2} corresponds to /emph{myDist2}.}
| ^
checkRd: (-1) discretizeMutual.Rd:58: Lost braces
58 | \item{two vectors containing the cutpoints for each variable : \emph{cutpoints1} corresponds to /emph{myDist1}, /emph{cutpoints2} corresponds to /emph{myDist2}.}
| ^
checkRd: (-1) discretizeMutual.Rd:62: Lost braces
62 | \item{if $emph{plot} == TRUE, a plot object (requires ggplot2 and gridExtra).}
| ^
checkRd: (-1) miic.Rd:158-209: Lost braces in \itemize; \value handles \item{}{} directly
checkRd: (-1) miic.Rd:211: Lost braces in \itemize; \value handles \item{}{} directly
checkRd: (-1) miic.Rd:213-214: Lost braces in \itemize; \value handles \item{}{} directly
Flavors: r-devel-linux-x86_64-debian-clang, r-devel-linux-x86_64-debian-gcc, r-devel-linux-x86_64-fedora-clang, r-devel-linux-x86_64-fedora-gcc, r-devel-windows-x86_64, r-patched-linux-x86_64, r-release-linux-x86_64, r-release-macos-arm64, r-release-macos-x86_64, r-release-windows-x86_64
Version: 1.5.3
Check: installed package size
Result: NOTE
installed size is 5.8Mb
sub-directories of 1Mb or more:
libs 5.5Mb
Flavors: r-release-macos-arm64, r-release-macos-x86_64, r-oldrel-macos-arm64, r-oldrel-macos-x86_64