Last updated on 2024-08-16 01:48:23 CEST.
Flavor | Version | Tinstall | Tcheck | Ttotal | Status | Flags |
---|---|---|---|---|---|---|
r-devel-linux-x86_64-debian-clang | 1.6.1 | 20.47 | 233.96 | 254.43 | NOTE | |
r-devel-linux-x86_64-debian-gcc | 1.6.1 | 17.14 | 157.78 | 174.92 | NOTE | |
r-devel-linux-x86_64-fedora-clang | 1.6.1 | 411.00 | NOTE | |||
r-devel-linux-x86_64-fedora-gcc | 1.6.1 | 407.82 | NOTE | |||
r-devel-windows-x86_64 | 1.6.1 | 24.00 | 247.00 | 271.00 | NOTE | |
r-patched-linux-x86_64 | 1.6.1 | 22.97 | 220.21 | 243.18 | NOTE | |
r-release-linux-x86_64 | 1.6.1 | 21.50 | 224.18 | 245.68 | NOTE | |
r-release-macos-arm64 | 1.6.1 | 112.00 | NOTE | |||
r-release-macos-x86_64 | 1.6.1 | 169.00 | NOTE | |||
r-release-windows-x86_64 | 1.6.1 | 23.00 | 241.00 | 264.00 | NOTE | |
r-oldrel-macos-arm64 | 1.6.1 | 136.00 | OK | |||
r-oldrel-macos-x86_64 | 1.6.1 | 280.00 | OK | |||
r-oldrel-windows-x86_64 | 1.6.1 | 34.00 | 319.00 | 353.00 | OK |
Version: 1.6.1
Check: Rd files
Result: NOTE
checkRd: (-1) create_grouped_data_partition.Rd:60: Lost braces; missing escapes or markup?
60 | Zena Lapp, {zenalapp@umich.edu}
| ^
checkRd: (-1) create_grouped_data_partition.Rd:62: Lost braces; missing escapes or markup?
62 | Kelly Sovacool, {sovacool@umich.edu}
| ^
checkRd: (-1) create_grouped_k_multifolds.Rd:30: Lost braces; missing escapes or markup?
30 | Zena Lapp, {zenalapp@umich.edu}
| ^
checkRd: (-1) get_partition_indices.Rd:58: Lost braces; missing escapes or markup?
58 | Kelly Sovacool, {sovacool@umich.edu}
| ^
checkRd: (-1) set_hparams_glmnet.Rd:16: Lost braces; missing escapes or markup?
16 | Zena Lapp, {zenalapp@umich.edu}
| ^
Flavors: r-devel-linux-x86_64-debian-clang, r-devel-linux-x86_64-debian-gcc, r-devel-linux-x86_64-fedora-clang, r-devel-linux-x86_64-fedora-gcc, r-devel-windows-x86_64, r-patched-linux-x86_64, r-release-linux-x86_64, r-release-macos-arm64, r-release-macos-x86_64, r-release-windows-x86_64