Last updated on 2025-11-11 02:50:46 CET.
| Flavor | Version | Tinstall | Tcheck | Ttotal | Status | Flags |
|---|---|---|---|---|---|---|
| r-devel-linux-x86_64-debian-clang | 1.0.2 | 87.77 | 81.39 | 169.16 | OK | |
| r-devel-linux-x86_64-debian-gcc | 1.0.2 | 56.29 | 57.09 | 113.38 | OK | |
| r-devel-linux-x86_64-fedora-clang | 1.0.2 | 95.00 | 213.54 | 308.54 | NOTE | |
| r-devel-linux-x86_64-fedora-gcc | 1.0.2 | 95.00 | 180.11 | 275.11 | NOTE | |
| r-devel-windows-x86_64 | 1.0.2 | 102.00 | 137.00 | 239.00 | OK | |
| r-patched-linux-x86_64 | 1.0.2 | 90.82 | 76.86 | 167.68 | OK | |
| r-release-linux-x86_64 | 1.0.2 | 86.37 | 75.36 | 161.73 | OK | |
| r-release-macos-arm64 | 1.0.2 | 34.00 | 69.00 | 103.00 | OK | |
| r-release-macos-x86_64 | 1.0.2 | 55.00 | 77.00 | 132.00 | OK | |
| r-release-windows-x86_64 | 1.0.2 | 98.00 | 133.00 | 231.00 | OK | |
| r-oldrel-macos-arm64 | 1.0.2 | 29.00 | 41.00 | 70.00 | NOTE | |
| r-oldrel-macos-x86_64 | 1.0.2 | 31.00 | 91.00 | 122.00 | NOTE | |
| r-oldrel-windows-x86_64 | 1.0.2 | 115.00 | 171.00 | 286.00 | OK |
Version: 1.0.2
Check: dependencies in R code
Result: NOTE
Namespaces in Imports field not imported from:
‘RcppArmadillo’ ‘RcppGSL’
All declared Imports should be used.
Flavors: r-devel-linux-x86_64-fedora-clang, r-devel-linux-x86_64-fedora-gcc
Version: 1.0.2
Check: installed package size
Result: NOTE
installed size is 6.5Mb
sub-directories of 1Mb or more:
designs 1.4Mb
libs 4.9Mb
Flavors: r-oldrel-macos-arm64, r-oldrel-macos-x86_64