Last updated on 2024-08-16 01:48:23 CEST.
Flavor | Version | Tinstall | Tcheck | Ttotal | Status | Flags |
---|---|---|---|---|---|---|
r-devel-linux-x86_64-debian-clang | 0.2.0 | 30.16 | 199.12 | 229.28 | NOTE | |
r-devel-linux-x86_64-debian-gcc | 0.2.0 | 16.56 | 151.15 | 167.71 | NOTE | |
r-devel-linux-x86_64-fedora-clang | 0.2.0 | 389.18 | NOTE | |||
r-devel-linux-x86_64-fedora-gcc | 0.2.0 | 404.47 | NOTE | |||
r-devel-windows-x86_64 | 0.2.0 | 27.00 | 496.00 | 523.00 | NOTE | |
r-patched-linux-x86_64 | 0.2.0 | 24.32 | 202.50 | 226.82 | NOTE | |
r-release-linux-x86_64 | 0.2.0 | 23.56 | 206.06 | 229.62 | NOTE | |
r-release-macos-arm64 | 0.2.0 | 114.00 | NOTE | |||
r-release-macos-x86_64 | 0.2.0 | 163.00 | NOTE | |||
r-release-windows-x86_64 | 0.2.0 | 26.00 | 500.00 | 526.00 | NOTE | |
r-oldrel-macos-arm64 | 0.2.0 | 131.00 | OK | |||
r-oldrel-macos-x86_64 | 0.2.0 | 189.00 | OK | |||
r-oldrel-windows-x86_64 | 0.2.0 | 31.00 | 514.00 | 545.00 | OK |
Version: 0.2.0
Check: Rd files
Result: NOTE
checkRd: (-1) print.selectEM.Rd:18: Lost braces
18 | The function \code{print.selectEM} is the print method for the class{selectEM}, which is the output
| ^
Flavors: r-devel-linux-x86_64-debian-clang, r-devel-linux-x86_64-debian-gcc, r-devel-linux-x86_64-fedora-clang, r-devel-linux-x86_64-fedora-gcc, r-devel-windows-x86_64, r-patched-linux-x86_64, r-release-linux-x86_64, r-release-macos-arm64, r-release-macos-x86_64, r-release-windows-x86_64