Last updated on 2025-10-21 01:48:38 CEST.
Flavor | Version | Tinstall | Tcheck | Ttotal | Status | Flags |
---|---|---|---|---|---|---|
r-devel-linux-x86_64-debian-clang | 0.1.7 | 6.92 | 85.95 | 92.87 | OK | |
r-devel-linux-x86_64-debian-gcc | 0.1.7 | 4.82 | 60.27 | 65.09 | NOTE | |
r-devel-linux-x86_64-fedora-clang | 0.1.7 | 132.76 | OK | |||
r-devel-linux-x86_64-fedora-gcc | 0.1.7 | 125.04 | OK | |||
r-devel-windows-x86_64 | 0.1.7 | 8.00 | 82.00 | 90.00 | OK | |
r-patched-linux-x86_64 | 0.1.7 | 5.95 | 78.32 | 84.27 | OK | |
r-release-linux-x86_64 | 0.1.7 | 6.40 | 77.32 | 83.72 | OK | |
r-release-macos-arm64 | 0.1.7 | 36.00 | OK | |||
r-release-macos-x86_64 | 0.1.7 | 63.00 | OK | |||
r-release-windows-x86_64 | 0.1.7 | 10.00 | 86.00 | 96.00 | OK | |
r-oldrel-macos-arm64 | 0.1.7 | 41.00 | OK | |||
r-oldrel-macos-x86_64 | 0.1.7 | 75.00 | OK | |||
r-oldrel-windows-x86_64 | 0.1.7 | 12.00 | 108.00 | 120.00 | OK |
Version: 0.1.7
Check: HTML version of manual
Result: NOTE
Found the following HTML validation problems:
BenchmarkAggr.html:169:1 (BenchmarkAggr.Rd:128): Warning: <h5> anchor "Usage" already defined
BenchmarkAggr.html:175:1 (BenchmarkAggr.Rd:132): Warning: <h5> anchor "Arguments" already defined
BenchmarkAggr.html:198:1 (BenchmarkAggr.Rd:145): Warning: <h5> anchor "Usage" already defined
BenchmarkAggr.html:204:1 (BenchmarkAggr.Rd:149): Warning: <h5> anchor "Arguments" already defined
BenchmarkAggr.html:227:1 (BenchmarkAggr.Rd:162): Warning: <h5> anchor "Usage" already defined
BenchmarkAggr.html:233:1 (BenchmarkAggr.Rd:166): Warning: <h5> anchor "Arguments" already defined
BenchmarkAggr.html:268:1 (BenchmarkAggr.Rd:191): Warning: <h5> anchor "Usage" already defined
BenchmarkAggr.html:274:1 (BenchmarkAggr.Rd:195): Warning: <h5> anchor "Arguments" already defined
BenchmarkAggr.html:305:1 (BenchmarkAggr.Rd:216): Warning: <h5> anchor "Usage" already defined
BenchmarkAggr.html:315:1 (BenchmarkAggr.Rd:224): Warning: <h5> anchor "Arguments" already defined
BenchmarkAggr.html:350:1 (BenchmarkAggr.Rd:249): Warning: <h5> anchor "Usage" already defined
BenchmarkAggr.html:356:1 (BenchmarkAggr.Rd:253): Warning: <h5> anchor "Arguments" already defined
BenchmarkAggr.html:383:1 (BenchmarkAggr.Rd:270): Warning: <h5> anchor "Usage" already defined
BenchmarkAggr.html:389:1 (BenchmarkAggr.Rd:274): Warning: <h5> anchor "Arguments" already defined
Flavor: r-devel-linux-x86_64-debian-gcc