Last updated on 2024-08-16 01:48:23 CEST.
Flavor | Version | Tinstall | Tcheck | Ttotal | Status | Flags |
---|---|---|---|---|---|---|
r-devel-linux-x86_64-debian-clang | 0.20.4 | 3.01 | 34.08 | 37.09 | OK | |
r-devel-linux-x86_64-debian-gcc | 0.20.4 | 2.20 | 24.56 | 26.76 | OK | |
r-devel-linux-x86_64-fedora-clang | 0.20.4 | 57.88 | NOTE | |||
r-devel-linux-x86_64-fedora-gcc | 0.20.4 | 55.77 | NOTE | |||
r-devel-windows-x86_64 | 0.20.4 | 6.00 | 63.00 | 69.00 | OK | |
r-patched-linux-x86_64 | 0.20.4 | 4.44 | 32.45 | 36.89 | OK | |
r-release-linux-x86_64 | 0.20.4 | 2.44 | 32.40 | 34.84 | OK | |
r-release-macos-arm64 | 0.20.4 | 19.00 | OK | |||
r-release-macos-x86_64 | 0.20.4 | 31.00 | OK | |||
r-release-windows-x86_64 | 0.20.4 | 6.00 | 63.00 | 69.00 | OK | |
r-oldrel-macos-arm64 | 0.20.4 | 29.00 | OK | |||
r-oldrel-macos-x86_64 | 0.20.4 | 70.00 | OK | |||
r-oldrel-windows-x86_64 | 0.20.4 | 6.00 | 75.00 | 81.00 | OK |
Version: 0.20.4
Check: data for non-ASCII characters
Result: NOTE
Note: found 7 marked UTF-8 strings
Flavors: r-devel-linux-x86_64-fedora-clang, r-devel-linux-x86_64-fedora-gcc