Last updated on 2025-11-14 01:51:44 CET.
| Flavor | Version | Tinstall | Tcheck | Ttotal | Status | Flags |
|---|---|---|---|---|---|---|
| r-devel-linux-x86_64-debian-clang | 1.2.3 | 8.97 | 287.09 | 296.06 | NOTE | |
| r-devel-linux-x86_64-debian-gcc | 1.2.3 | 6.24 | 174.18 | 180.42 | NOTE | |
| r-devel-linux-x86_64-fedora-clang | 1.2.3 | 32.00 | 458.29 | 490.29 | NOTE | |
| r-devel-linux-x86_64-fedora-gcc | 1.2.4 | 21.00 | 459.64 | 480.64 | OK | |
| r-devel-windows-x86_64 | 1.2.3 | 10.00 | 249.00 | 259.00 | NOTE | |
| r-patched-linux-x86_64 | 1.2.3 | 9.71 | 267.52 | 277.23 | NOTE | |
| r-release-linux-x86_64 | 1.2.3 | 8.82 | 269.58 | 278.40 | NOTE | |
| r-release-macos-arm64 | 1.2.4 | 4.00 | 121.00 | 125.00 | OK | |
| r-release-macos-x86_64 | 1.2.4 | 9.00 | 310.00 | 319.00 | OK | |
| r-release-windows-x86_64 | 1.2.3 | 14.00 | 249.00 | 263.00 | NOTE | |
| r-oldrel-macos-arm64 | 1.2.3 | 4.00 | 107.00 | 111.00 | OK | |
| r-oldrel-macos-x86_64 | 1.2.4 | 7.00 | 282.00 | 289.00 | OK | |
| r-oldrel-windows-x86_64 | 1.2.3 | 14.00 | 367.00 | 381.00 | OK |
Version: 1.2.3
Check: DESCRIPTION meta-information
Result: NOTE
Missing dependency on R >= 4.1.0 because package code uses the pipe
|> or function shorthand \(...) syntax added in R 4.1.0.
File(s) using such syntax:
‘alias_column_names.R’ ‘bin_data.Rd’ ‘coverage.R’ ‘database.R’
‘decrypt_gps.Rd’ ‘import.R’ ‘import_functions.R’ ‘linking.R’
‘location_functions.R’ ‘sensor_functions.R’
Flavors: r-devel-linux-x86_64-debian-clang, r-devel-linux-x86_64-debian-gcc, r-devel-linux-x86_64-fedora-clang, r-devel-windows-x86_64, r-patched-linux-x86_64, r-release-linux-x86_64, r-release-windows-x86_64