CRAN Package Check Results for Package mpmi

Last updated on 2025-05-17 02:53:27 CEST.

Flavor Version Tinstall Tcheck Ttotal Status Flags
r-devel-linux-x86_64-debian-clang 0.43.2.1 5.10 27.59 32.69 NOTE
r-devel-linux-x86_64-debian-gcc 0.43.2.1 3.56 20.89 24.45 NOTE
r-devel-linux-x86_64-fedora-clang 0.43.2.1 50.12 NOTE
r-devel-linux-x86_64-fedora-gcc 0.43.2.1 60.74 NOTE
r-devel-windows-x86_64 0.43.2.1 9.00 63.00 72.00 OK
r-patched-linux-x86_64 0.43.2.1 4.25 24.60 28.85 OK
r-release-linux-x86_64 0.43.2.1 4.30 24.79 29.09 OK
r-release-macos-arm64 0.43.2.1 29.00 OK
r-release-macos-x86_64 0.43.2.1 53.00 OK
r-release-windows-x86_64 0.43.2.1 9.00 66.00 75.00 OK
r-oldrel-macos-arm64 0.43.2.1 26.00 OK
r-oldrel-macos-x86_64 0.43.2.1 61.00 OK
r-oldrel-windows-x86_64 0.43.2.1 9.00 66.00 75.00 OK

Check Details

Version: 0.43.2.1
Check: CRAN incoming feasibility
Result: NOTE Maintainer: ‘Chris Pardy <cooliomcdude@gmail.com>’ No Authors@R field in DESCRIPTION. Please add one, modifying Authors@R: person(given = "Chris", family = "Pardy", role = c("aut", "cre"), email = "cooliomcdude@gmail.com") as necessary. Flavors: r-devel-linux-x86_64-debian-clang, r-devel-linux-x86_64-debian-gcc

Version: 0.43.2.1
Check: compiled code
Result: NOTE File ‘mpmi/libs/mpmi.so’: Found no calls to: ‘R_registerRoutines’, ‘R_useDynamicSymbols’ It is good practice to register native routines and to disable symbol search. See ‘Writing portable packages’ in the ‘Writing R Extensions’ manual. Flavors: r-devel-linux-x86_64-fedora-clang, r-devel-linux-x86_64-fedora-gcc