Last updated on 2025-10-31 01:49:04 CET.
| Flavor | Version | Tinstall | Tcheck | Ttotal | Status | Flags | 
|---|---|---|---|---|---|---|
| r-devel-linux-x86_64-debian-clang | 1.0.1 | 14.99 | 37.07 | 52.06 | NOTE | |
| r-devel-linux-x86_64-debian-gcc | 1.0.1 | 11.46 | 31.48 | 42.94 | NOTE | |
| r-devel-linux-x86_64-fedora-clang | 1.0.1 | 39.00 | 52.51 | 91.51 | NOTE | |
| r-devel-linux-x86_64-fedora-gcc | 1.0.1 | 34.00 | 68.17 | 102.17 | NOTE | |
| r-devel-windows-x86_64 | 1.0.1 | 22.00 | 67.00 | 89.00 | NOTE | |
| r-patched-linux-x86_64 | 1.0.1 | 17.17 | 36.35 | 53.52 | NOTE | |
| r-release-linux-x86_64 | 1.0.1 | 17.39 | 36.94 | 54.33 | NOTE | |
| r-release-macos-arm64 | 1.0.1 | 11.00 | 30.00 | 41.00 | NOTE | |
| r-release-macos-x86_64 | 1.0.1 | 13.00 | 58.00 | 71.00 | NOTE | |
| r-release-windows-x86_64 | 1.0.1 | 26.00 | 72.00 | 98.00 | NOTE | |
| r-oldrel-macos-arm64 | 1.0.1 | 4.00 | 22.00 | 26.00 | NOTE | |
| r-oldrel-macos-x86_64 | 1.0.1 | 6.00 | 34.00 | 40.00 | NOTE | |
| r-oldrel-windows-x86_64 | 1.0.1 | 24.00 | 92.00 | 116.00 | NOTE | 
Version: 1.0.1
Check: CRAN incoming feasibility
Result: NOTE
  Maintainer: ‘Cristoforo Simonetto <Cristoforo.Simonetto@helmholtz-muenchen.de>’
  
  No Authors@R field in DESCRIPTION.
  Please add one, modifying
    Authors@R: c(person(given = "Cristoforo",
                        family = "Simonetto",
                        role = c("aut", "cre"),
                        email = "cristoforo.simonetto@helmholtz-muenchen.de"),
                 person(given = c("Jan", "Christian"),
                        family = "Kaiser",
                        role = "ctb"))
  as necessary.
Flavors: r-devel-linux-x86_64-debian-clang, r-devel-linux-x86_64-debian-gcc
Version: 1.0.1
Check: C++ specification
Result: NOTE
    Specified C++11: please drop specification unless essential
Flavors: r-devel-linux-x86_64-debian-clang, r-devel-linux-x86_64-debian-gcc, r-devel-linux-x86_64-fedora-clang, r-devel-linux-x86_64-fedora-gcc, r-devel-windows-x86_64, r-patched-linux-x86_64, r-release-linux-x86_64, r-release-macos-arm64, r-release-macos-x86_64, r-release-windows-x86_64, r-oldrel-macos-arm64, r-oldrel-macos-x86_64, r-oldrel-windows-x86_64