Last updated on 2024-07-27 01:53:17 CEST.
Flavor | Version | Tinstall | Tcheck | Ttotal | Status | Flags |
---|---|---|---|---|---|---|
r-devel-linux-x86_64-debian-clang | 1.7.1 | 30.89 | 283.33 | 314.22 | NOTE | |
r-devel-linux-x86_64-debian-gcc | 1.7.1 | 20.93 | 206.66 | 227.59 | NOTE | |
r-devel-linux-x86_64-fedora-clang | 1.7.1 | 393.79 | NOTE | |||
r-devel-linux-x86_64-fedora-gcc | 1.7.1 | 368.57 | NOTE | |||
r-devel-windows-x86_64 | 1.7.1 | 27.00 | 248.00 | 275.00 | NOTE | |
r-patched-linux-x86_64 | 1.7.1 | NOTE | ||||
r-release-linux-x86_64 | 1.7.1 | 29.81 | 244.35 | 274.16 | NOTE | |
r-release-macos-arm64 | 1.7.1 | 105.00 | OK | |||
r-release-macos-x86_64 | 1.7.1 | 171.00 | OK | |||
r-release-windows-x86_64 | 1.7.1 | 27.00 | 215.00 | 242.00 | NOTE | |
r-oldrel-macos-arm64 | 1.7.1 | 121.00 | OK | |||
r-oldrel-macos-x86_64 | 1.7.1 | 320.00 | OK | |||
r-oldrel-windows-x86_64 | 1.7.1 | 32.00 | 312.00 | 344.00 | OK |
Version: 1.7.1
Check: HTML version of manual
Result: NOTE
Found the following HTML validation problems:
tnorm.html:113:32 (tnorm.Rd:74): Warning: trimming empty <code>
Flavors: r-devel-linux-x86_64-debian-clang, r-devel-linux-x86_64-debian-gcc, r-devel-linux-x86_64-fedora-clang, r-devel-linux-x86_64-fedora-gcc, r-devel-windows-x86_64, r-patched-linux-x86_64, r-release-linux-x86_64, r-release-windows-x86_64
Version: 1.7.1
Check: Rd cross-references
Result: NOTE
Found the following Rd file(s) with Rd \link{} targets missing package
anchors:
MatrixExp.Rd: expm
plotprog.msm.Rd: lines.survfit
Please provide package anchors for all Rd \link{} targets not in the
package itself and the base packages.
Flavors: r-devel-linux-x86_64-debian-gcc, r-devel-windows-x86_64