CRAN Package Check Results for Package munsell

Last updated on 2025-11-13 01:50:27 CET.

Flavor Version Tinstall Tcheck Ttotal Status Flags
r-devel-linux-x86_64-debian-clang 0.5.1 2.46 47.65 50.11 NOTE
r-devel-linux-x86_64-debian-gcc 0.5.1 1.97 35.02 36.99 NOTE
r-devel-linux-x86_64-fedora-clang 0.5.1 74.70 OK
r-devel-linux-x86_64-fedora-gcc 0.5.1 73.14 OK
r-devel-windows-x86_64 0.5.1 5.00 64.00 69.00 OK
r-patched-linux-x86_64 0.5.1 2.75 44.18 46.93 OK
r-release-linux-x86_64 0.5.1 2.46 44.34 46.80 OK
r-release-macos-arm64 0.5.1 2.00 23.00 25.00 OK
r-release-macos-x86_64 0.5.1 2.00 61.00 63.00 OK
r-release-windows-x86_64 0.5.1 5.00 62.00 67.00 OK
r-oldrel-macos-arm64 0.5.1 1.00 26.00 27.00 OK
r-oldrel-macos-x86_64 0.5.1 4.00 39.00 43.00 OK
r-oldrel-windows-x86_64 0.5.1 7.00 79.00 86.00 OK

Check Details

Version: 0.5.1
Check: CRAN incoming feasibility
Result: NOTE Maintainer: ‘Charlotte Wickham <cwickham@gmail.com>’ No Authors@R field in DESCRIPTION. Please add one, modifying Authors@R: person(given = "Charlotte", family = "Wickham", role = c("aut", "cre"), email = "cwickham@gmail.com") as necessary. Flavors: r-devel-linux-x86_64-debian-clang, r-devel-linux-x86_64-debian-gcc