Last updated on 2024-08-16 01:48:24 CEST.
Flavor | Version | Tinstall | Tcheck | Ttotal | Status | Flags |
---|---|---|---|---|---|---|
r-devel-linux-x86_64-debian-clang | 2.1.0 | 2.62 | 37.17 | 39.79 | NOTE | |
r-devel-linux-x86_64-debian-gcc | 2.1.0 | 2.49 | 28.84 | 31.33 | NOTE | |
r-devel-linux-x86_64-fedora-clang | 2.1.0 | 65.73 | NOTE | |||
r-devel-linux-x86_64-fedora-gcc | 2.1.0 | 74.46 | NOTE | |||
r-devel-windows-x86_64 | 2.1.0 | 4.00 | 57.00 | 61.00 | NOTE | |
r-patched-linux-x86_64 | 2.1.0 | 3.50 | 35.27 | 38.77 | NOTE | |
r-release-linux-x86_64 | 2.1.0 | 3.53 | 35.59 | 39.12 | NOTE | |
r-release-macos-arm64 | 2.1.0 | 32.00 | NOTE | |||
r-release-macos-x86_64 | 2.1.0 | 45.00 | NOTE | |||
r-release-windows-x86_64 | 2.1.0 | 5.00 | 59.00 | 64.00 | NOTE | |
r-oldrel-macos-arm64 | 2.1.0 | 33.00 | NOTE | |||
r-oldrel-macos-x86_64 | 2.1.0 | 47.00 | NOTE | |||
r-oldrel-windows-x86_64 | 2.1.0 | 6.00 | 65.00 | 71.00 | NOTE |
Version: 2.1.0
Check: LazyData
Result: NOTE
'LazyData' is specified without a 'data' directory
Flavors: r-devel-linux-x86_64-debian-clang, r-devel-linux-x86_64-debian-gcc, r-devel-linux-x86_64-fedora-clang, r-devel-linux-x86_64-fedora-gcc, r-devel-windows-x86_64, r-patched-linux-x86_64, r-release-linux-x86_64, r-release-macos-arm64, r-release-macos-x86_64, r-release-windows-x86_64, r-oldrel-macos-arm64, r-oldrel-macos-x86_64, r-oldrel-windows-x86_64