Last updated on 2024-08-16 01:48:24 CEST.
Flavor | Version | Tinstall | Tcheck | Ttotal | Status | Flags |
---|---|---|---|---|---|---|
r-devel-linux-x86_64-debian-clang | 0.1.5 | 14.44 | 113.92 | 128.36 | NOTE | |
r-devel-linux-x86_64-debian-gcc | 0.1.5 | 10.05 | 83.22 | 93.27 | NOTE | |
r-devel-linux-x86_64-fedora-clang | 0.1.5 | 199.02 | OK | |||
r-devel-linux-x86_64-fedora-gcc | 0.1.5 | 199.04 | OK | |||
r-devel-windows-x86_64 | 0.1.5 | 15.00 | 118.00 | 133.00 | NOTE | |
r-patched-linux-x86_64 | 0.1.5 | 18.35 | 105.63 | 123.98 | OK | |
r-release-linux-x86_64 | 0.1.5 | 13.40 | 106.50 | 119.90 | OK | |
r-release-macos-arm64 | 0.1.5 | 61.00 | OK | |||
r-release-macos-x86_64 | 0.1.5 | 89.00 | OK | |||
r-release-windows-x86_64 | 0.1.5 | 15.00 | 120.00 | 135.00 | OK | |
r-oldrel-macos-arm64 | 0.1.5 | 74.00 | OK | |||
r-oldrel-macos-x86_64 | 0.1.5 | 147.00 | OK | |||
r-oldrel-windows-x86_64 | 0.1.5 | 20.00 | 142.00 | 162.00 | OK |
Version: 0.1.5
Check: Rd cross-references
Result: NOTE
Found the following Rd file(s) with Rd \link{} targets missing package
anchors:
ndi-package.Rd: tidycensus, psych, sf, Matrix
Please provide package anchors for all Rd \link{} targets not in the
package itself and the base packages.
Flavors: r-devel-linux-x86_64-debian-clang, r-devel-linux-x86_64-debian-gcc, r-devel-windows-x86_64