Last updated on 2024-07-27 01:53:17 CEST.
Flavor | Version | Tinstall | Tcheck | Ttotal | Status | Flags |
---|---|---|---|---|---|---|
r-devel-linux-x86_64-debian-clang | 1.0.1 | 13.39 | 125.84 | 139.23 | OK | |
r-devel-linux-x86_64-debian-gcc | 1.0.1 | 10.68 | 93.03 | 103.71 | OK | |
r-devel-linux-x86_64-fedora-clang | 1.0.1 | 183.63 | NOTE | |||
r-devel-linux-x86_64-fedora-gcc | 1.0.1 | 163.39 | OK | |||
r-devel-windows-x86_64 | 1.0.1 | 13.00 | 100.00 | 113.00 | OK | |
r-patched-linux-x86_64 | 1.0.1 | OK | ||||
r-release-linux-x86_64 | 1.0.1 | 13.16 | 118.15 | 131.31 | OK | |
r-release-macos-arm64 | 1.0.1 | 46.00 | OK | |||
r-release-macos-x86_64 | 1.0.1 | 125.00 | OK | |||
r-release-windows-x86_64 | 1.0.1 | 13.00 | 100.00 | 113.00 | OK | |
r-oldrel-macos-arm64 | 1.0.1 | 58.00 | OK | |||
r-oldrel-macos-x86_64 | 1.0.1 | 126.00 | OK | |||
r-oldrel-windows-x86_64 | 1.0.1 | 17.00 | 127.00 | 144.00 | OK |
Version: 1.0.1
Check: Rd cross-references
Result: NOTE
Undeclared package ‘mediation’ in Rd xrefs
Flavor: r-devel-linux-x86_64-fedora-clang