Last updated on 2024-08-16 01:48:24 CEST.
Flavor | Version | Tinstall | Tcheck | Ttotal | Status | Flags |
---|---|---|---|---|---|---|
r-devel-linux-x86_64-debian-clang | 1.0.2 | 2.85 | 65.60 | 68.45 | OK | |
r-devel-linux-x86_64-debian-gcc | 1.0.2 | 2.61 | 45.26 | 47.87 | OK | |
r-devel-linux-x86_64-fedora-clang | 1.0.2 | 113.32 | NOTE | |||
r-devel-linux-x86_64-fedora-gcc | 1.0.2 | 120.91 | OK | |||
r-devel-windows-x86_64 | 1.0.2 | 5.00 | 86.00 | 91.00 | NOTE | |
r-patched-linux-x86_64 | 1.0.2 | 3.54 | 61.30 | 64.84 | OK | |
r-release-linux-x86_64 | 1.0.2 | 2.83 | 61.60 | 64.43 | OK | |
r-release-macos-arm64 | 1.0.2 | 42.00 | NOTE | |||
r-release-macos-x86_64 | 1.0.2 | 63.00 | NOTE | |||
r-release-windows-x86_64 | 1.0.2 | 5.00 | 79.00 | 84.00 | NOTE | |
r-oldrel-macos-arm64 | 1.0.2 | 44.00 | NOTE | |||
r-oldrel-macos-x86_64 | 1.0.2 | 103.00 | NOTE | |||
r-oldrel-windows-x86_64 | 1.0.2 | 6.00 | 92.00 | 98.00 | NOTE |
Version: 1.0.2
Check: installed package size
Result: NOTE
installed size is 5.7Mb
sub-directories of 1Mb or more:
doc 5.5Mb
Flavors: r-devel-linux-x86_64-fedora-clang, r-devel-windows-x86_64, r-release-macos-arm64, r-release-macos-x86_64, r-release-windows-x86_64, r-oldrel-macos-arm64, r-oldrel-macos-x86_64, r-oldrel-windows-x86_64