CRAN Package Check Results for Package nna

Last updated on 2025-02-10 02:49:59 CET.

Flavor Version Tinstall Tcheck Ttotal Status Flags
r-devel-linux-x86_64-debian-clang 0.0.2.1 1.58 15.47 17.05 OK
r-devel-linux-x86_64-debian-gcc 0.0.2.1 1.27 13.33 14.60 OK
r-devel-linux-x86_64-fedora-clang 0.0.2.1 27.79 OK
r-devel-linux-x86_64-fedora-gcc 0.0.2.1 26.28 OK
r-devel-windows-x86_64 0.0.2.1 3.00 33.00 36.00 OK
r-patched-linux-x86_64 0.0.2.1 1.55 14.92 16.47 NOTE
r-release-linux-x86_64 0.0.2.1 1.42 15.21 16.63 NOTE
r-release-macos-arm64 0.0.2.1 13.00 NOTE
r-release-macos-x86_64 0.0.2.1 21.00 NOTE
r-release-windows-x86_64 0.0.2.1 2.00 33.00 35.00 NOTE
r-oldrel-macos-arm64 0.0.2.1 18.00 NOTE
r-oldrel-macos-x86_64 0.0.2.1 18.00 NOTE
r-oldrel-windows-x86_64 0.0.2.1 4.00 33.00 37.00 NOTE

Check Details

Version: 0.0.2.1
Check: LazyData
Result: NOTE 'LazyData' is specified without a 'data' directory Flavors: r-patched-linux-x86_64, r-release-linux-x86_64, r-release-macos-arm64, r-release-macos-x86_64, r-release-windows-x86_64, r-oldrel-macos-arm64, r-oldrel-macos-x86_64, r-oldrel-windows-x86_64