Last updated on 2024-08-16 01:48:24 CEST.
Flavor | Version | Tinstall | Tcheck | Ttotal | Status | Flags |
---|---|---|---|---|---|---|
r-devel-linux-x86_64-debian-clang | 0.4.0 | 12.21 | 184.08 | 196.29 | OK | |
r-devel-linux-x86_64-debian-gcc | 0.4.0 | 10.19 | 136.89 | 147.08 | OK | |
r-devel-linux-x86_64-fedora-clang | 0.4.0 | 324.00 | NOTE | |||
r-devel-linux-x86_64-fedora-gcc | 0.4.0 | 311.93 | NOTE | |||
r-devel-windows-x86_64 | 0.4.0 | 14.00 | 189.00 | 203.00 | OK | |
r-patched-linux-x86_64 | 0.4.0 | 11.89 | 168.80 | 180.69 | OK | |
r-release-linux-x86_64 | 0.4.0 | 12.19 | 171.99 | 184.18 | OK | |
r-release-macos-arm64 | 0.4.0 | 99.00 | OK | |||
r-release-macos-x86_64 | 0.4.0 | 145.00 | OK | |||
r-release-windows-x86_64 | 0.4.0 | 15.00 | 197.00 | 212.00 | OK | |
r-oldrel-macos-arm64 | 0.4.0 | 113.00 | OK | |||
r-oldrel-macos-x86_64 | 0.4.0 | 187.00 | OK | |||
r-oldrel-windows-x86_64 | 0.4.0 | 18.00 | 233.00 | 251.00 | OK |
Version: 0.4.0
Check: dependencies in R code
Result: NOTE
Namespaces in Imports field not imported from:
‘dplyr’ ‘e1071’ ‘pROC’ ‘purrr’ ‘randomForest’ ‘rlang’
All declared Imports should be used.
Flavors: r-devel-linux-x86_64-fedora-clang, r-devel-linux-x86_64-fedora-gcc