Last updated on 2024-08-16 01:48:24 CEST.
Flavor | Version | Tinstall | Tcheck | Ttotal | Status | Flags |
---|---|---|---|---|---|---|
r-devel-linux-x86_64-debian-clang | 0.0.3 | 10.41 | 82.30 | 92.71 | OK | |
r-devel-linux-x86_64-debian-gcc | 0.0.3 | 8.08 | 61.03 | 69.11 | OK | |
r-devel-linux-x86_64-fedora-clang | 0.0.3 | 148.51 | NOTE | |||
r-devel-linux-x86_64-fedora-gcc | 0.0.3 | 139.68 | NOTE | |||
r-devel-windows-x86_64 | 0.0.3 | 12.00 | 90.00 | 102.00 | OK | |
r-patched-linux-x86_64 | 0.0.3 | 9.59 | 76.58 | 86.17 | OK | |
r-release-linux-x86_64 | 0.0.3 | 8.98 | 78.15 | 87.13 | OK | |
r-release-macos-arm64 | 0.0.3 | 39.00 | OK | |||
r-release-macos-x86_64 | 0.0.3 | 113.00 | OK | |||
r-release-windows-x86_64 | 0.0.3 | 12.00 | 91.00 | 103.00 | OK | |
r-oldrel-macos-arm64 | 0.0.3 | 70.00 | OK | |||
r-oldrel-macos-x86_64 | 0.0.3 | 82.00 | OK | |||
r-oldrel-windows-x86_64 | 0.0.3 | 16.00 | 114.00 | 130.00 | OK |
Version: 0.0.3
Check: dependencies in R code
Result: NOTE
Namespace in Imports field not imported from: ‘xgboost’
All declared Imports should be used.
Flavors: r-devel-linux-x86_64-fedora-clang, r-devel-linux-x86_64-fedora-gcc