Last updated on 2024-08-16 01:48:24 CEST.
Flavor | Version | Tinstall | Tcheck | Ttotal | Status | Flags |
---|---|---|---|---|---|---|
r-devel-linux-x86_64-debian-clang | 1.0.11 | 10.03 | 78.32 | 88.35 | NOTE | |
r-devel-linux-x86_64-debian-gcc | 1.0.11 | 7.23 | 54.70 | 61.93 | NOTE | |
r-devel-linux-x86_64-fedora-clang | 1.0.11 | 140.37 | NOTE | |||
r-devel-linux-x86_64-fedora-gcc | 1.0.11 | 146.17 | NOTE | |||
r-devel-windows-x86_64 | 1.0.11 | 11.00 | 88.00 | 99.00 | NOTE | |
r-patched-linux-x86_64 | 1.0.11 | 9.92 | 73.28 | 83.20 | NOTE | |
r-release-linux-x86_64 | 1.0.11 | 8.01 | 74.09 | 82.10 | NOTE | |
r-release-macos-arm64 | 1.0.11 | 45.00 | NOTE | |||
r-release-macos-x86_64 | 1.0.11 | 72.00 | NOTE | |||
r-release-windows-x86_64 | 1.0.11 | 10.00 | 88.00 | 98.00 | NOTE | |
r-oldrel-macos-arm64 | 1.0.11 | 71.00 | NOTE | |||
r-oldrel-macos-x86_64 | 1.0.11 | 87.00 | NOTE | |||
r-oldrel-windows-x86_64 | 1.0.11 | 13.00 | 106.00 | 119.00 | NOTE |
Version: 1.0.11
Check: package subdirectories
Result: NOTE
Problems with news in ‘NEWS.md’:
No news entries found.
Flavors: r-devel-linux-x86_64-debian-clang, r-devel-linux-x86_64-debian-gcc, r-devel-linux-x86_64-fedora-clang, r-devel-linux-x86_64-fedora-gcc, r-devel-windows-x86_64, r-patched-linux-x86_64, r-release-linux-x86_64, r-release-macos-arm64, r-release-macos-x86_64, r-release-windows-x86_64, r-oldrel-macos-arm64, r-oldrel-macos-x86_64, r-oldrel-windows-x86_64