Last updated on 2024-08-16 01:48:24 CEST.
Flavor | Version | Tinstall | Tcheck | Ttotal | Status | Flags |
---|---|---|---|---|---|---|
r-devel-linux-x86_64-debian-clang | 0.1.6 | 38.42 | 329.56 | 367.98 | NOTE | |
r-devel-linux-x86_64-debian-gcc | 0.1.6 | 24.04 | 211.09 | 235.13 | NOTE | |
r-devel-linux-x86_64-fedora-clang | 0.1.6 | 595.24 | NOTE | |||
r-devel-linux-x86_64-fedora-gcc | 0.1.6 | 552.12 | OK | |||
r-devel-windows-x86_64 | 0.1.6 | 39.00 | 279.00 | 318.00 | NOTE | |
r-patched-linux-x86_64 | 0.1.6 | 42.35 | 309.04 | 351.39 | OK | |
r-release-linux-x86_64 | 0.1.6 | 34.91 | 309.68 | 344.59 | OK | |
r-release-macos-arm64 | 0.1.6 | 130.00 | NOTE | |||
r-release-macos-x86_64 | 0.1.6 | 229.00 | NOTE | |||
r-release-windows-x86_64 | 0.1.6 | 37.00 | 280.00 | 317.00 | NOTE | |
r-oldrel-macos-arm64 | 0.1.6 | 132.00 | NOTE | |||
r-oldrel-macos-x86_64 | 0.1.6 | 312.00 | NOTE | |||
r-oldrel-windows-x86_64 | 0.1.6 | 53.00 | 368.00 | 421.00 | NOTE |
Version: 0.1.6
Check: Rd cross-references
Result: NOTE
Found the following Rd file(s) with Rd \link{} targets missing package
anchors:
ggplotmaply.Rd: ggplotly
oceanmap.Rd: raster
readbin.Rd: fields
Please provide package anchors for all Rd \link{} targets not in the
package itself and the base packages.
Flavors: r-devel-linux-x86_64-debian-clang, r-devel-linux-x86_64-debian-gcc, r-devel-windows-x86_64
Version: 0.1.6
Check: installed package size
Result: NOTE
installed size is 6.2Mb
sub-directories of 1Mb or more:
R 1.5Mb
test_files 4.2Mb
Flavors: r-devel-linux-x86_64-fedora-clang, r-devel-windows-x86_64, r-release-macos-arm64, r-release-macos-x86_64, r-release-windows-x86_64, r-oldrel-macos-arm64, r-oldrel-macos-x86_64, r-oldrel-windows-x86_64