Last updated on 2025-05-17 02:53:28 CEST.
Flavor | Version | Tinstall | Tcheck | Ttotal | Status | Flags |
---|---|---|---|---|---|---|
r-devel-linux-x86_64-debian-clang | 0.1.4 | 1.71 | 20.51 | 22.22 | OK | |
r-devel-linux-x86_64-debian-gcc | 0.1.4 | 1.39 | 17.45 | 18.84 | OK | |
r-devel-linux-x86_64-fedora-clang | 0.1.4 | 36.32 | NOTE | |||
r-devel-linux-x86_64-fedora-gcc | 0.1.4 | 50.25 | NOTE | |||
r-devel-windows-x86_64 | 0.1.4 | 3.00 | 43.00 | 46.00 | OK | |
r-patched-linux-x86_64 | 0.1.4 | 1.58 | 19.81 | 21.39 | OK | |
r-release-linux-x86_64 | 0.1.4 | 1.30 | 19.78 | 21.08 | OK | |
r-release-macos-arm64 | 0.1.4 | 23.00 | OK | |||
r-release-macos-x86_64 | 0.1.4 | 40.00 | OK | |||
r-release-windows-x86_64 | 0.1.4 | 3.00 | 42.00 | 45.00 | OK | |
r-oldrel-macos-arm64 | 0.1.4 | 22.00 | OK | |||
r-oldrel-macos-x86_64 | 0.1.4 | 32.00 | OK | |||
r-oldrel-windows-x86_64 | 0.1.4 | 3.00 | 48.00 | 51.00 | OK |
Version: 0.1.4
Check: dependencies in R code
Result: NOTE
Namespace in Imports field not imported from: ‘MASS’
All declared Imports should be used.
Flavors: r-devel-linux-x86_64-fedora-clang, r-devel-linux-x86_64-fedora-gcc