CRAN Package Check Results for Package oenb

Last updated on 2025-02-05 02:48:56 CET.

Flavor Version Tinstall Tcheck Ttotal Status Flags
r-devel-linux-x86_64-debian-clang 0.0.2 1.77 21.58 23.35 OK
r-devel-linux-x86_64-debian-gcc 0.0.2 1.48 18.05 19.53 OK
r-devel-linux-x86_64-fedora-clang 0.0.2 40.97 OK
r-devel-linux-x86_64-fedora-gcc 0.0.2 50.21 OK
r-devel-windows-x86_64 0.0.2 3.00 46.00 49.00 OK
r-patched-linux-x86_64 0.0.2 1.67 20.76 22.43 NOTE
r-release-linux-x86_64 0.0.2 1.69 20.92 22.61 NOTE
r-release-macos-arm64 0.0.2 23.00 NOTE
r-release-macos-x86_64 0.0.2 33.00 NOTE
r-release-windows-x86_64 0.0.2 3.00 46.00 49.00 NOTE
r-oldrel-macos-arm64 0.0.2 26.00 NOTE
r-oldrel-macos-x86_64 0.0.2 32.00 NOTE
r-oldrel-windows-x86_64 0.0.2 4.00 46.00 50.00 NOTE

Check Details

Version: 0.0.2
Check: LazyData
Result: NOTE 'LazyData' is specified without a 'data' directory Flavors: r-patched-linux-x86_64, r-release-linux-x86_64, r-release-macos-arm64, r-release-macos-x86_64, r-release-windows-x86_64, r-oldrel-macos-arm64, r-oldrel-macos-x86_64, r-oldrel-windows-x86_64