Last updated on 2024-07-18 01:55:38 CEST.
Flavor | Version | Tinstall | Tcheck | Ttotal | Status | Flags |
---|---|---|---|---|---|---|
r-devel-linux-x86_64-debian-clang | 0.1-2 | 3.83 | 94.27 | 98.10 | OK | |
r-devel-linux-x86_64-debian-gcc | 0.1-2 | 2.40 | 61.94 | 64.34 | OK | |
r-devel-linux-x86_64-fedora-clang | 0.1-2 | 62.30 | OK | |||
r-devel-linux-x86_64-fedora-gcc | 0.1-2 | 121.00 | OK | |||
r-devel-windows-x86_64 | 0.1-2 | 4.00 | 67.00 | 71.00 | NOTE | |
r-patched-linux-x86_64 | 0.1-2 | 3.66 | 47.09 | 50.75 | OK | |
r-release-linux-x86_64 | 0.1-2 | 3.24 | 45.64 | 48.88 | OK | |
r-release-macos-arm64 | 0.1-2 | 26.00 | OK | |||
r-release-macos-x86_64 | 0.1-2 | 41.00 | OK | |||
r-release-windows-x86_64 | 0.1-2 | 3.00 | 103.00 | 106.00 | OK | |
r-oldrel-macos-arm64 | 0.1-2 | 30.00 | OK | |||
r-oldrel-macos-x86_64 | 0.1-2 | 46.00 | OK | |||
r-oldrel-windows-x86_64 | 0.1-2 | 4.00 | 67.00 | 71.00 | OK |
Version: 0.1-2
Check: Rd cross-references
Result: NOTE
Found the following Rd file(s) with Rd \link{} targets missing package
anchors:
onls.Rd: nls.lm.control, nls.lm
Please provide package anchors for all Rd \link{} targets not in the
package itself and the base packages.
Flavor: r-devel-windows-x86_64