CRAN Package Check Results for Package ontoFAST

Last updated on 2025-10-22 01:51:32 CEST.

Flavor Version Tinstall Tcheck Ttotal Status Flags
r-devel-linux-x86_64-debian-clang 1.0.0 6.75 56.96 63.71 NOTE
r-devel-linux-x86_64-debian-gcc 1.0.0 4.60 41.16 45.76 NOTE
r-devel-linux-x86_64-fedora-clang 1.0.0 22.00 79.22 101.22 OK
r-devel-linux-x86_64-fedora-gcc 1.0.0 16.00 77.61 93.61 OK
r-devel-windows-x86_64 1.0.0 9.00 73.00 82.00 OK
r-patched-linux-x86_64 1.0.0 6.75 54.57 61.32 OK
r-release-linux-x86_64 1.0.0 7.26 54.75 62.01 OK
r-release-macos-arm64 1.0.0 3.00 29.00 32.00 OK
r-release-macos-x86_64 1.0.0 6.00 47.00 53.00 OK
r-release-windows-x86_64 1.0.0 9.00 75.00 84.00 OK
r-oldrel-macos-arm64 1.0.0 3.00 25.00 28.00 OK
r-oldrel-macos-x86_64 1.0.0 5.00 41.00 46.00 OK
r-oldrel-windows-x86_64 1.0.0 12.00 89.00 101.00 OK

Additional issues

donttest

Check Details

Version: 1.0.0
Check: CRAN incoming feasibility
Result: NOTE Maintainer: ‘Sergei Tarasov <sergei.tarasov@helsinki.fi>’ No Authors@R field in DESCRIPTION. Please add one, modifying Authors@R: person(given = "Sergei", family = "Tarasov", role = c("aut", "cre"), email = "sergei.tarasov@helsinki.fi") as necessary. Flavors: r-devel-linux-x86_64-debian-clang, r-devel-linux-x86_64-debian-gcc