Last updated on 2025-10-22 01:51:32 CEST.
Flavor | Version | Tinstall | Tcheck | Ttotal | Status | Flags |
---|---|---|---|---|---|---|
r-devel-linux-x86_64-debian-clang | 2.12 | 2.39 | 46.80 | 49.19 | NOTE | |
r-devel-linux-x86_64-debian-gcc | 2.12 | 1.73 | 34.91 | 36.64 | NOTE | |
r-devel-linux-x86_64-fedora-clang | 2.12 | 73.25 | OK | |||
r-devel-linux-x86_64-fedora-gcc | 2.12 | 84.89 | OK | |||
r-devel-windows-x86_64 | 2.12 | 3.00 | 64.00 | 67.00 | OK | |
r-patched-linux-x86_64 | 2.12 | 2.41 | 45.56 | 47.97 | OK | |
r-release-linux-x86_64 | 2.12 | 2.26 | 45.49 | 47.75 | OK | |
r-release-macos-arm64 | 2.12 | 1.00 | 31.00 | 32.00 | OK | |
r-release-macos-x86_64 | 2.12 | 2.00 | 54.00 | 56.00 | OK | |
r-release-windows-x86_64 | 2.12 | 3.00 | 65.00 | 68.00 | OK | |
r-oldrel-macos-arm64 | 2.12 | 1.00 | 29.00 | 30.00 | OK | |
r-oldrel-macos-x86_64 | 2.12 | 2.00 | 45.00 | 47.00 | OK | |
r-oldrel-windows-x86_64 | 2.12 | 4.00 | 76.00 | 80.00 | OK |
Version: 2.12
Check: CRAN incoming feasibility
Result: NOTE
Maintainer: ‘Daniel Greene <dg333@cam.ac.uk>’
No Authors@R field in DESCRIPTION.
Please add one, modifying
Authors@R: person(given = "Daniel",
family = "Greene",
role = c("aut", "cre"),
email = "dg333@cam.ac.uk")
as necessary.
Flavors: r-devel-linux-x86_64-debian-clang, r-devel-linux-x86_64-debian-gcc
Version: 2.12
Check: HTML version of manual
Result: NOTE
Found the following HTML validation problems:
check.html:50:1 (check.Rd:12): Warning: missing </ul> before </div>
get_term_property.html:58:1 (get_term_property.Rd:16): Warning: missing </ul> before </div>
Flavors: r-devel-linux-x86_64-debian-clang, r-devel-linux-x86_64-debian-gcc