Last updated on 2025-05-18 02:49:44 CEST.
Flavor | Version | Tinstall | Tcheck | Ttotal | Status | Flags |
---|---|---|---|---|---|---|
r-devel-linux-x86_64-debian-clang | 1.1.0 | 11.68 | 385.24 | 396.92 | NOTE | |
r-devel-linux-x86_64-debian-gcc | 1.1.0 | 8.24 | 253.30 | 261.54 | NOTE | |
r-devel-linux-x86_64-fedora-clang | 1.1.0 | 639.62 | OK | |||
r-devel-linux-x86_64-fedora-gcc | 1.1.0 | 662.04 | OK | |||
r-devel-windows-x86_64 | 1.1.0 | 11.00 | 359.00 | 370.00 | NOTE | |
r-patched-linux-x86_64 | 1.1.0 | 11.63 | 376.47 | 388.10 | NOTE | |
r-release-linux-x86_64 | 1.1.0 | 11.37 | 378.02 | 389.39 | NOTE | |
r-release-macos-arm64 | 1.1.0 | 181.00 | OK | |||
r-release-macos-x86_64 | 1.1.0 | 405.00 | OK | |||
r-release-windows-x86_64 | 1.1.0 | 13.00 | 361.00 | 374.00 | NOTE | |
r-oldrel-macos-arm64 | 1.1.0 | 168.00 | OK | |||
r-oldrel-macos-x86_64 | 1.1.0 | 270.00 | OK | |||
r-oldrel-windows-x86_64 | 1.1.0 | 16.00 | 504.00 | 520.00 | OK |
Version: 1.1.0
Check: Rd cross-references
Result: NOTE
Found the following Rd file(s) with Rd \link{} targets missing package
anchors:
ordAOV.Rd: LRTSim, RLRTSim, RLRsim, exactLRT, exactRLRT
ordGene.Rd: LRTSim, RLRTSim
ordSmooth.Rd: gam, mgcv
Please provide package anchors for all Rd \link{} targets not in the
package itself and the base packages.
Flavors: r-devel-linux-x86_64-debian-clang, r-devel-linux-x86_64-debian-gcc, r-devel-windows-x86_64, r-patched-linux-x86_64, r-release-linux-x86_64, r-release-windows-x86_64