Last updated on 2024-08-16 01:48:25 CEST.
Flavor | Version | Tinstall | Tcheck | Ttotal | Status | Flags |
---|---|---|---|---|---|---|
r-devel-linux-x86_64-debian-clang | 0.1.4 | 31.70 | 266.13 | 297.83 | NOTE | |
r-devel-linux-x86_64-debian-gcc | 0.1.4 | 22.07 | 162.27 | 184.34 | NOTE | |
r-devel-linux-x86_64-fedora-clang | 0.1.4 | 522.40 | NOTE | |||
r-devel-linux-x86_64-fedora-gcc | 0.1.4 | 519.12 | NOTE | |||
r-devel-windows-x86_64 | 0.1.4 | 36.00 | 237.00 | 273.00 | NOTE | |
r-patched-linux-x86_64 | 0.1.4 | 29.13 | 240.30 | 269.43 | NOTE | |
r-release-linux-x86_64 | 0.1.4 | 30.28 | 254.61 | 284.89 | NOTE | |
r-release-macos-arm64 | 0.1.4 | 96.00 | NOTE | |||
r-release-macos-x86_64 | 0.1.4 | 148.00 | NOTE | |||
r-release-windows-x86_64 | 0.1.4 | 38.00 | 235.00 | 273.00 | NOTE | |
r-oldrel-macos-arm64 | 0.1.4 | 113.00 | OK | |||
r-oldrel-macos-x86_64 | 0.1.4 | 189.00 | OK | |||
r-oldrel-windows-x86_64 | 0.1.4 | 44.00 | 303.00 | 347.00 | OK |
Version: 0.1.4
Check: Rd files
Result: NOTE
checkRd: (-1) orf.Rd:74: Lost braces
74 | matrix of covariates \code{X} and a vector of outcomes 'code{Y} to the \code{orf}
| ^
Flavors: r-devel-linux-x86_64-debian-clang, r-devel-linux-x86_64-debian-gcc, r-devel-linux-x86_64-fedora-clang, r-devel-linux-x86_64-fedora-gcc, r-devel-windows-x86_64, r-patched-linux-x86_64, r-release-linux-x86_64, r-release-macos-arm64, r-release-macos-x86_64, r-release-windows-x86_64