Last updated on 2025-10-31 01:49:05 CET.
| Flavor | Version | Tinstall | Tcheck | Ttotal | Status | Flags | 
|---|---|---|---|---|---|---|
| r-devel-linux-x86_64-debian-clang | 0.10.5 | 5.76 | 30.98 | 36.74 | NOTE | |
| r-devel-linux-x86_64-debian-gcc | 0.10.5 | 3.72 | 24.42 | 28.14 | NOTE | |
| r-devel-linux-x86_64-fedora-clang | 0.10.5 | 50.95 | OK | |||
| r-devel-linux-x86_64-fedora-gcc | 0.10.5 | 49.18 | OK | |||
| r-devel-windows-x86_64 | 0.10.5 | 5.00 | 49.00 | 54.00 | OK | |
| r-patched-linux-x86_64 | 0.10.5 | 4.81 | 28.04 | 32.85 | OK | |
| r-release-linux-x86_64 | 0.10.5 | 5.02 | 27.73 | 32.75 | OK | |
| r-release-macos-arm64 | 0.10.5 | 2.00 | 17.00 | 19.00 | OK | |
| r-release-macos-x86_64 | 0.10.5 | 3.00 | 27.00 | 30.00 | OK | |
| r-release-windows-x86_64 | 0.10.5 | 6.00 | 50.00 | 56.00 | OK | |
| r-oldrel-macos-arm64 | 0.10.5 | 2.00 | 16.00 | 18.00 | OK | |
| r-oldrel-macos-x86_64 | 0.10.5 | 3.00 | 21.00 | 24.00 | OK | |
| r-oldrel-windows-x86_64 | 0.10.5 | 6.00 | 58.00 | 64.00 | OK | 
Version: 0.10.5
Check: CRAN incoming feasibility
Result: NOTE
  Maintainer: ‘Duncan Murdoch <murdoch.duncan@gmail.com>’
  
  No Authors@R field in DESCRIPTION.
  Please add one, modifying
    Authors@R: person(given = "Duncan",
                      family = "Murdoch",
                      role = c("aut", "cre"),
                      email = "murdoch.duncan@gmail.com")
  as necessary.
  
  Package CITATION file contains call(s) to old-style citEntry().  Please
  use bibentry() instead.
Flavors: r-devel-linux-x86_64-debian-clang, r-devel-linux-x86_64-debian-gcc