Last updated on 2025-11-12 02:53:04 CET.
| Flavor | Version | Tinstall | Tcheck | Ttotal | Status | Flags |
|---|---|---|---|---|---|---|
| r-devel-linux-x86_64-debian-clang | 1.10.0 | 65.11 | 41.14 | 106.25 | OK | |
| r-devel-linux-x86_64-debian-gcc | 1.10.0 | 44.80 | 32.40 | 77.20 | OK | |
| r-devel-linux-x86_64-fedora-clang | 1.10.0 | 65.00 | 110.24 | 175.24 | OK | |
| r-devel-linux-x86_64-fedora-gcc | 1.10.0 | 93.00 | 104.70 | 197.70 | OK | |
| r-devel-windows-x86_64 | 1.10.0 | 65.00 | 76.00 | 141.00 | OK | |
| r-patched-linux-x86_64 | 1.10.0 | 60.71 | 39.42 | 100.13 | OK | |
| r-release-linux-x86_64 | 1.10.0 | 65.49 | 39.24 | 104.73 | OK | |
| r-release-macos-arm64 | 1.10.0 | 34.00 | 42.00 | 76.00 | OK | |
| r-release-macos-x86_64 | 1.10.0 | 52.00 | 86.00 | 138.00 | OK | |
| r-release-windows-x86_64 | 1.10.0 | 71.00 | 80.00 | 151.00 | OK | |
| r-oldrel-macos-arm64 | 1.10.0 | 27.00 | 31.00 | 58.00 | NOTE | |
| r-oldrel-macos-x86_64 | 1.10.0 | 48.00 | 62.00 | 110.00 | NOTE | |
| r-oldrel-windows-x86_64 | 1.10.0 | 90.00 | 92.00 | 182.00 | OK |
Version: 1.10.0
Check: installed package size
Result: NOTE
installed size is 7.2Mb
sub-directories of 1Mb or more:
doc 1.1Mb
libs 5.8Mb
Flavors: r-oldrel-macos-arm64, r-oldrel-macos-x86_64