Last updated on 2025-11-02 02:50:51 CET.
| Flavor | Version | Tinstall | Tcheck | Ttotal | Status | Flags |
|---|---|---|---|---|---|---|
| r-devel-linux-x86_64-debian-clang | 1.4.2 | 2.06 | 25.84 | 27.90 | NOTE | |
| r-devel-linux-x86_64-debian-gcc | 1.4.2 | 1.66 | 20.79 | 22.45 | NOTE | |
| r-devel-linux-x86_64-fedora-clang | 1.4.2 | 40.40 | NOTE | |||
| r-devel-linux-x86_64-fedora-gcc | 1.4.2 | 38.58 | NOTE | |||
| r-devel-windows-x86_64 | 1.4.2 | 4.00 | 44.00 | 48.00 | NOTE | |
| r-patched-linux-x86_64 | 1.4.2 | 2.30 | 23.26 | 25.56 | NOTE | |
| r-release-linux-x86_64 | 1.4.2 | 2.09 | 23.65 | 25.74 | NOTE | |
| r-release-macos-arm64 | 1.4.2 | 1.00 | 17.00 | 18.00 | NOTE | |
| r-release-macos-x86_64 | 1.4.2 | 2.00 | 26.00 | 28.00 | NOTE | |
| r-release-windows-x86_64 | 1.4.2 | 4.00 | 43.00 | 47.00 | NOTE | |
| r-oldrel-macos-arm64 | 1.4.2 | 1.00 | 16.00 | 17.00 | OK | |
| r-oldrel-macos-x86_64 | 1.4.2 | 2.00 | 23.00 | 25.00 | OK | |
| r-oldrel-windows-x86_64 | 1.4.2 | 5.00 | 52.00 | 57.00 | OK |
Version: 1.4.2
Check: DESCRIPTION meta-information
Result: NOTE
Missing dependency on R >= 4.1.0 because package code uses the pipe
|> or function shorthand \(...) syntax added in R 4.1.0.
File(s) using such syntax:
‘owid.R’
Flavors: r-devel-linux-x86_64-debian-clang, r-devel-linux-x86_64-debian-gcc, r-devel-linux-x86_64-fedora-clang, r-devel-linux-x86_64-fedora-gcc, r-devel-windows-x86_64, r-patched-linux-x86_64, r-release-linux-x86_64, r-release-macos-arm64, r-release-macos-x86_64, r-release-windows-x86_64