Last updated on 2025-05-15 01:51:10 CEST.
Flavor | Version | Tinstall | Tcheck | Ttotal | Status | Flags |
---|---|---|---|---|---|---|
r-devel-linux-x86_64-debian-clang | 0.5 | 5.72 | 26.23 | 31.95 | OK | |
r-devel-linux-x86_64-debian-gcc | 0.5 | 4.75 | 21.47 | 26.22 | OK | |
r-devel-linux-x86_64-fedora-clang | 0.5 | 51.72 | OK | |||
r-devel-linux-x86_64-fedora-gcc | 0.5 | 131.15 | OK | |||
r-devel-windows-x86_64 | 0.5 | 9.00 | 50.00 | 59.00 | OK | |
r-patched-linux-x86_64 | 0.5 | 5.84 | 25.46 | 31.30 | OK | |
r-release-linux-x86_64 | 0.5 | 6.43 | 25.28 | 31.71 | OK | |
r-release-macos-arm64 | 0.5 | 43.00 | ERROR | |||
r-release-macos-x86_64 | 0.5 | 83.00 | OK | |||
r-release-windows-x86_64 | 0.5 | 9.00 | 50.00 | 59.00 | OK | |
r-oldrel-macos-arm64 | 0.5 | 37.00 | ERROR | |||
r-oldrel-macos-x86_64 | 0.5 | 90.00 | WARN | |||
r-oldrel-windows-x86_64 | 0.5 | 11.00 | 54.00 | 65.00 | OK |
Version: 0.5
Check: re-building of vignette outputs
Result: ERROR
Error(s) in re-building vignettes:
--- re-building ‘pQTLdata.Rmd’ using rmarkdown
Failed with error: 'there is no package called 'EnsDb.Hsapiens.v75''
Failed with error: 'there is no package called 'org.Hs.eg.db''
Quitting from pQTLdata.Rmd:125-153 [refdata]
~~~~~~~~~~~~~~~~~~~~~~~~~~~~~~~~~~~~~~~~~~~~~~~~~~~~~~~~~~~~~~~~~~~~~~~~~~~~~~~~
<error/rlang_error>
Error in `h()`:
! error in evaluating the argument 'x' in selecting a method for function 'metadata': object 'EnsDb.Hsapiens.v75' not found
---
Backtrace:
▆
1. ├─ensembldb::metadata(EnsDb.Hsapiens.v75)
2. └─base::.handleSimpleError(...)
3. └─base (local) h(simpleError(msg, call))
~~~~~~~~~~~~~~~~~~~~~~~~~~~~~~~~~~~~~~~~~~~~~~~~~~~~~~~~~~~~~~~~~~~~~~~~~~~~~~~~
Error: processing vignette 'pQTLdata.Rmd' failed with diagnostics:
error in evaluating the argument 'x' in selecting a method for function 'metadata': object 'EnsDb.Hsapiens.v75' not found
--- failed re-building ‘pQTLdata.Rmd’
SUMMARY: processing the following file failed:
‘pQTLdata.Rmd’
Error: Vignette re-building failed.
Execution halted
Flavor: r-release-macos-arm64
Version: 0.5
Check: package dependencies
Result: NOTE
Package suggested but not available for checking: ‘EnsDb.Hsapiens.v75’
Flavors: r-oldrel-macos-arm64, r-oldrel-macos-x86_64
Version: 0.5
Check: re-building of vignette outputs
Result: ERROR
Error(s) in re-building vignettes:
--- re-building ‘pQTLdata.Rmd’ using rmarkdown
Failed with error: 'there is no package called 'EnsDb.Hsapiens.v75''
Quitting from pQTLdata.Rmd:125-153 [refdata]
~~~~~~~~~~~~~~~~~~~~~~~~~~~~~~~~~~~~~~~~~~~~~~~~~~~~~~~~~~~~~~~~~~~~~~~~~~~~~~~~
<error/rlang_error>
Error in `h()`:
! error in evaluating the argument 'x' in selecting a method for function 'metadata': object 'EnsDb.Hsapiens.v75' not found
---
Backtrace:
▆
1. ├─ensembldb::metadata(EnsDb.Hsapiens.v75)
2. └─base::.handleSimpleError(...)
3. └─base (local) h(simpleError(msg, call))
~~~~~~~~~~~~~~~~~~~~~~~~~~~~~~~~~~~~~~~~~~~~~~~~~~~~~~~~~~~~~~~~~~~~~~~~~~~~~~~~
Error: processing vignette 'pQTLdata.Rmd' failed with diagnostics:
error in evaluating the argument 'x' in selecting a method for function 'metadata': object 'EnsDb.Hsapiens.v75' not found
--- failed re-building ‘pQTLdata.Rmd’
SUMMARY: processing the following file failed:
‘pQTLdata.Rmd’
Error: Vignette re-building failed.
Execution halted
Flavor: r-oldrel-macos-arm64
Version: 0.5
Check: for missing documentation entries
Result: WARN
Warning in file(open = "w+") :
cannot open file '/var/folders/2b/t0kwbtmn3p7brv2mvx39c9cr0000gn/T//RtmpH7t5La/Rf1114118fd9b9': No space left on device
Error in file(open = "w+") : cannot open the connection
Calls: <Anonymous> -> unlist -> .try_quietly -> file
Execution halted
All user-level objects in a package should have documentation entries.
See chapter ‘Writing R documentation files’ in the ‘Writing R
Extensions’ manual.
Flavor: r-oldrel-macos-x86_64
Version: 0.5
Check: for code/documentation mismatches
Result: WARN
Fatal error: cannot create 'R_TempDir'
Flavor: r-oldrel-macos-x86_64
Version: 0.5
Check: Rd \usage sections
Result: NOTE
Fatal error: cannot create 'R_TempDir'
The \usage entries for S3 methods should use the \method markup and not
their full name.
See chapter ‘Writing R documentation files’ in the ‘Writing R
Extensions’ manual.
Flavor: r-oldrel-macos-x86_64
Version: 0.5
Check: Rd contents
Result: NOTE
Fatal error: cannot create 'R_TempDir'
* checking for unstated dependencies in examples ...* using check arguments '--no-clean-on-error '
Flavor: r-oldrel-macos-x86_64