Last updated on 2024-08-16 01:48:26 CEST.
Flavor | Version | Tinstall | Tcheck | Ttotal | Status | Flags |
---|---|---|---|---|---|---|
r-devel-linux-x86_64-debian-clang | 1.18.5 | 24.76 | 150.49 | 175.25 | NOTE | |
r-devel-linux-x86_64-debian-gcc | 1.18.5 | 19.03 | 90.32 | 109.35 | NOTE | |
r-devel-linux-x86_64-fedora-clang | 1.18.5 | 296.04 | OK | |||
r-devel-linux-x86_64-fedora-gcc | 1.18.5 | 281.45 | OK | |||
r-devel-windows-x86_64 | 1.18.5 | 29.00 | 172.00 | 201.00 | NOTE | |
r-patched-linux-x86_64 | 1.18.5 | 27.31 | 139.70 | 167.01 | OK | |
r-release-linux-x86_64 | 1.18.5 | 24.10 | 141.39 | 165.49 | OK | |
r-release-macos-arm64 | 1.18.5 | 62.00 | OK | |||
r-release-macos-x86_64 | 1.18.5 | 125.00 | OK | |||
r-release-windows-x86_64 | 1.18.5 | 31.00 | 172.00 | 203.00 | OK | |
r-oldrel-macos-arm64 | 1.18.5 | 75.00 | OK | |||
r-oldrel-macos-x86_64 | 1.18.5 | 185.00 | OK | |||
r-oldrel-windows-x86_64 | 1.18.5 | 36.00 | 182.00 | 218.00 | OK |
Version: 1.18.5
Check: Rd cross-references
Result: NOTE
Found the following Rd file(s) with Rd \link{} targets missing package
anchors:
smooth.Rd: fitdistr
Please provide package anchors for all Rd \link{} targets not in the
package itself and the base packages.
Flavors: r-devel-linux-x86_64-debian-clang, r-devel-linux-x86_64-debian-gcc, r-devel-windows-x86_64