Last updated on 2025-11-15 02:53:09 CET.
| Flavor | Version | Tinstall | Tcheck | Ttotal | Status | Flags |
|---|---|---|---|---|---|---|
| r-devel-linux-x86_64-debian-clang | 1.2.13 | 14.40 | 150.97 | 165.37 | OK | |
| r-devel-linux-x86_64-debian-gcc | 1.2.13 | 10.38 | 109.40 | 119.78 | OK | |
| r-devel-linux-x86_64-fedora-clang | 1.2.13 | 33.00 | 209.10 | 242.10 | OK | |
| r-devel-linux-x86_64-fedora-gcc | 1.2.13 | 30.00 | 219.49 | 249.49 | OK | |
| r-devel-windows-x86_64 | 1.2.13 | 17.00 | 152.00 | 169.00 | OK | |
| r-patched-linux-x86_64 | 1.2.13 | 15.21 | 137.18 | 152.39 | OK | |
| r-release-linux-x86_64 | 1.2.13 | 13.70 | 140.64 | 154.34 | OK | |
| r-release-macos-arm64 | 1.2.13 | 6.00 | 63.00 | 69.00 | OK | |
| r-release-macos-x86_64 | 1.2.13 | 12.00 | 116.00 | 128.00 | OK | |
| r-release-windows-x86_64 | 1.2.13 | 16.00 | 148.00 | 164.00 | OK | |
| r-oldrel-macos-arm64 | 1.2.13 | 6.00 | 58.00 | 64.00 | NOTE | |
| r-oldrel-macos-x86_64 | 1.2.13 | 9.00 | 80.00 | 89.00 | NOTE | |
| r-oldrel-windows-x86_64 | 1.2.13 | 23.00 | 193.00 | 216.00 | NOTE |
Version: 1.2.13
Check: LazyData
Result: NOTE
'LazyData' is specified without a 'data' directory
Flavors: r-oldrel-macos-arm64, r-oldrel-macos-x86_64, r-oldrel-windows-x86_64