Last updated on 2024-08-16 01:48:25 CEST.
Flavor | Version | Tinstall | Tcheck | Ttotal | Status | Flags |
---|---|---|---|---|---|---|
r-devel-linux-x86_64-debian-clang | 1.5.1 | 2.74 | 50.40 | 53.14 | OK | |
r-devel-linux-x86_64-debian-gcc | 1.5.1 | 2.06 | 41.90 | 43.96 | OK | |
r-devel-linux-x86_64-fedora-clang | 1.5.1 | 81.97 | OK | |||
r-devel-linux-x86_64-fedora-gcc | 1.5.1 | 78.24 | OK | |||
r-devel-windows-x86_64 | 1.5.1 | 4.00 | 74.00 | 78.00 | OK | |
r-patched-linux-x86_64 | 1.5.1 | 3.20 | 47.84 | 51.04 | OK | |
r-release-linux-x86_64 | 1.5.1 | 2.80 | 48.26 | 51.06 | OK | |
r-release-macos-arm64 | 1.5.1 | 32.00 | NOTE | |||
r-release-macos-x86_64 | 1.5.1 | 47.00 | NOTE | |||
r-release-windows-x86_64 | 1.5.1 | 4.00 | 74.00 | 78.00 | OK | |
r-oldrel-macos-arm64 | 1.5.1 | 33.00 | NOTE | |||
r-oldrel-macos-x86_64 | 1.5.1 | 49.00 | NOTE | |||
r-oldrel-windows-x86_64 | 1.5.1 | 3.00 | 89.00 | 92.00 | OK |
Version: 1.5.1
Check: package dependencies
Result: NOTE
Package suggested but not available for checking: ‘Rmpi’
Flavors: r-release-macos-arm64, r-release-macos-x86_64, r-oldrel-macos-arm64, r-oldrel-macos-x86_64