Last updated on 2024-08-16 01:48:25 CEST.
Flavor | Version | Tinstall | Tcheck | Ttotal | Status | Flags |
---|---|---|---|---|---|---|
r-devel-linux-x86_64-debian-clang | 0.22.1 | 24.85 | 386.25 | 411.10 | OK | |
r-devel-linux-x86_64-debian-gcc | 0.22.1 | 17.13 | 244.19 | 261.32 | OK | |
r-devel-linux-x86_64-fedora-clang | 0.22.1 | 672.23 | NOTE | |||
r-devel-linux-x86_64-fedora-gcc | 0.22.1 | 665.12 | OK | |||
r-devel-windows-x86_64 | 0.22.1 | 31.00 | 312.00 | 343.00 | OK | |
r-patched-linux-x86_64 | 0.22.1 | 33.57 | 354.35 | 387.92 | OK | |
r-release-linux-x86_64 | 0.22.1 | 28.81 | 370.47 | 399.28 | OK | |
r-release-macos-arm64 | 0.22.1 | 147.00 | OK | |||
r-release-macos-x86_64 | 0.22.1 | 508.00 | OK | |||
r-release-windows-x86_64 | 0.22.1 | 31.00 | 314.00 | 345.00 | OK | |
r-oldrel-macos-arm64 | 0.22.1 | 144.00 | OK | |||
r-oldrel-macos-x86_64 | 0.22.1 | 324.00 | OK | |||
r-oldrel-windows-x86_64 | 0.22.1 | 42.00 | 390.00 | 432.00 | OK |
Version: 0.22.1
Check: package dependencies
Result: NOTE
Package suggested but not available for checking: ‘BayesFM’
Flavor: r-devel-linux-x86_64-fedora-clang