Last updated on 2024-08-16 01:48:25 CEST.
Flavor | Version | Tinstall | Tcheck | Ttotal | Status | Flags |
---|---|---|---|---|---|---|
r-devel-linux-x86_64-debian-clang | 2.9.0 | 16.02 | 182.66 | 198.68 | OK | |
r-devel-linux-x86_64-debian-gcc | 2.9.0 | 10.42 | 124.43 | 134.85 | OK | |
r-devel-linux-x86_64-fedora-clang | 2.9.0 | 334.64 | NOTE | |||
r-devel-linux-x86_64-fedora-gcc | 2.9.0 | 333.17 | OK | |||
r-devel-windows-x86_64 | 2.9.0 | 15.00 | 171.00 | 186.00 | OK | |
r-patched-linux-x86_64 | 2.9.0 | 16.44 | 168.39 | 184.83 | OK | |
r-release-linux-x86_64 | 2.9.0 | 14.67 | 171.37 | 186.04 | OK | |
r-release-macos-arm64 | 2.9.0 | 138.00 | OK | |||
r-release-macos-x86_64 | 2.9.0 | 144.00 | OK | |||
r-release-windows-x86_64 | 2.9.0 | 15.00 | 168.00 | 183.00 | OK | |
r-oldrel-macos-arm64 | 2.9.0 | 81.00 | OK | |||
r-oldrel-macos-x86_64 | 2.9.0 | 254.00 | OK | |||
r-oldrel-windows-x86_64 | 2.9.0 | 17.00 | 201.00 | 218.00 | OK |
Version: 2.9.0
Check: Rd cross-references
Result: NOTE
Undeclared package ‘future’ in Rd xrefs
Flavor: r-devel-linux-x86_64-fedora-clang